CRAN Package Check Results for Package vmsbase

Last updated on 2019-12-10 22:49:53 CET.

Flavor Version Tinstall Tcheck Ttotal Status Flags
r-devel-linux-x86_64-debian-clang 2.2.0 48.31 220.44 268.75 OK
r-devel-linux-x86_64-debian-gcc 2.2.0 37.38 167.48 204.86 OK
r-devel-linux-x86_64-fedora-clang 2.2.0 336.20 OK
r-devel-linux-x86_64-fedora-gcc 2.2.0 305.76 OK
r-devel-windows-ix86+x86_64 2.2.0 93.00 8.00 101.00 ERROR
r-devel-windows-ix86+x86_64-gcc8 2.2.0 163.00 5.00 168.00 ERROR
r-patched-linux-x86_64 2.2.0 48.16 202.66 250.82 OK
r-patched-solaris-x86 2.2.0 438.70 OK
r-release-linux-x86_64 2.2.0 53.12 207.29 260.41 OK
r-release-windows-ix86+x86_64 2.2.0 57.00 189.00 246.00 OK
r-release-osx-x86_64 2.2.0 OK
r-oldrel-windows-ix86+x86_64 2.2.0 42.00 194.00 236.00 OK
r-oldrel-osx-x86_64 2.2.0 OK

Check Details

Version: 2.2.0
Check: whether package can be installed
Result: ERROR
    Installation failed.
Flavors: r-devel-windows-ix86+x86_64, r-devel-windows-ix86+x86_64-gcc8