Last updated on 2023-12-03 22:57:25 CET.
Flavor | Version | Tinstall | Tcheck | Ttotal | Status | Flags |
---|---|---|---|---|---|---|
r-devel-linux-x86_64-debian-clang | 1.0.1 | 127.42 | 79.41 | 206.83 | NOTE | |
r-devel-linux-x86_64-debian-gcc | 1.0.1 | 101.93 | 60.91 | 162.84 | NOTE | |
r-devel-linux-x86_64-fedora-clang | 1.0.1 | 273.41 | NOTE | |||
r-devel-linux-x86_64-fedora-gcc | 1.0.1 | 298.69 | NOTE | |||
r-devel-windows-x86_64 | 1.0.1 | 199.00 | 244.00 | 443.00 | NOTE | |
r-patched-linux-x86_64 | 1.0.1 | 102.05 | 78.68 | 180.73 | NOTE | |
r-release-linux-x86_64 | 1.0.1 | 125.25 | 77.85 | 203.10 | NOTE | |
r-release-macos-arm64 | 1.0.1 | 97.00 | NOTE | |||
r-release-macos-x86_64 | 1.0.1 | 159.00 | NOTE | |||
r-release-windows-x86_64 | 1.0.1 | 251.00 | 306.00 | 557.00 | NOTE | |
r-oldrel-macos-arm64 | 1.0.1 | 98.00 | NOTE | |||
r-oldrel-macos-x86_64 | 1.0.1 | 199.00 | NOTE | |||
r-oldrel-windows-x86_64 | 1.0.1 | 330.00 | 9.00 | 339.00 | ERROR |
Version: 1.0.1
Check: Rd \usage sections
Result: NOTE
Documented arguments not in \usage in Rd file 'cpp_vol2bird_version.Rd':
‘path’
Functions with \usage entries need to have the appropriate \alias
entries, and all their arguments documented.
The \usage entries must correspond to syntactically valid R code.
See chapter ‘Writing R documentation files’ in the ‘Writing R
Extensions’ manual.
Flavors: r-devel-linux-x86_64-debian-clang, r-devel-linux-x86_64-debian-gcc, r-devel-linux-x86_64-fedora-clang, r-devel-linux-x86_64-fedora-gcc, r-devel-windows-x86_64
Version: 1.0.1
Check: for GNU extensions in Makefiles
Result: NOTE
GNU make is a SystemRequirements.
Flavors: r-devel-linux-x86_64-debian-clang, r-devel-linux-x86_64-debian-gcc, r-devel-linux-x86_64-fedora-clang, r-devel-linux-x86_64-fedora-gcc, r-devel-windows-x86_64, r-patched-linux-x86_64, r-release-linux-x86_64, r-release-macos-arm64, r-release-macos-x86_64, r-release-windows-x86_64, r-oldrel-macos-arm64, r-oldrel-macos-x86_64
Version: 1.0.1
Check: installed package size
Result: NOTE
installed size is 21.8Mb
sub-directories of 1Mb or more:
extdata 1.6Mb
libs 19.9Mb
Flavors: r-devel-windows-x86_64, r-release-macos-arm64, r-release-macos-x86_64, r-release-windows-x86_64, r-oldrel-macos-arm64, r-oldrel-macos-x86_64
Version: 1.0.1
Check: whether package can be installed
Result: ERROR
Installation failed.
Flavor: r-oldrel-windows-x86_64