Last updated on 2023-06-09 22:58:43 CEST.
Flavor | Version | Tinstall | Tcheck | Ttotal | Status | Flags |
---|---|---|---|---|---|---|
r-devel-linux-x86_64-debian-clang | 1.9.6 | 80.59 | 60.68 | 141.27 | OK | |
r-devel-linux-x86_64-debian-gcc | 1.9.6 | 63.28 | 47.00 | 110.28 | OK | |
r-devel-linux-x86_64-fedora-clang | 1.9.6 | 206.99 | OK | |||
r-devel-linux-x86_64-fedora-gcc | 1.9.6 | 212.65 | OK | |||
r-devel-windows-x86_64 | 1.9.6 | 60.00 | 134.00 | 194.00 | OK | |
r-patched-linux-x86_64 | 1.9.6 | 63.24 | 57.65 | 120.89 | OK | |
r-release-linux-x86_64 | 1.9.6 | 57.83 | 57.70 | 115.53 | OK | |
r-release-macos-arm64 | 1.9.6 | 66.00 | OK | |||
r-release-macos-x86_64 | 1.9.6 | 84.00 | NOTE | |||
r-release-windows-x86_64 | 1.9.6 | 79.00 | 105.00 | 184.00 | OK | |
r-oldrel-macos-arm64 | 1.9.6 | 50.00 | OK | |||
r-oldrel-macos-x86_64 | 1.9.6 | 73.00 | OK | |||
r-oldrel-windows-x86_64 | 1.9.6 | 75.00 | 100.00 | 175.00 | OK |
Version: 1.9.6
Check: package dependencies
Result: NOTE
Package suggested but not available for checking: ‘doBy’
Flavor: r-release-macos-x86_64