Last updated on 2024-04-23 22:55:41 CEST.
Flavor | Version | Tinstall | Tcheck | Ttotal | Status | Flags |
---|---|---|---|---|---|---|
r-devel-linux-x86_64-debian-clang | 1.2.0 | 5.58 | 48.60 | 54.18 | NOTE | |
r-devel-linux-x86_64-debian-gcc | 1.2.0 | 4.96 | 36.48 | 41.44 | NOTE | |
r-devel-linux-x86_64-fedora-clang | 1.2.0 | 70.23 | NOTE | |||
r-devel-linux-x86_64-fedora-gcc | 1.2.0 | 64.84 | NOTE | |||
r-prerel-macos-arm64 | 1.2.0 | 21.00 | NOTE | |||
r-prerel-windows-x86_64 | 1.2.0 | 6.00 | 58.00 | 64.00 | NOTE | |
r-patched-linux-x86_64 | 1.2.0 | 5.40 | 45.99 | 51.39 | NOTE | |
r-release-linux-x86_64 | 1.2.0 | 5.56 | 46.01 | 51.57 | OK | |
r-release-macos-arm64 | 1.2.0 | 23.00 | OK | |||
r-release-macos-x86_64 | 1.2.0 | 43.00 | OK | |||
r-release-windows-x86_64 | 1.2.0 | 8.00 | 70.00 | 78.00 | OK | |
r-oldrel-macos-arm64 | 1.2.0 | 26.00 | OK | |||
r-oldrel-windows-x86_64 | 1.2.0 | 8.00 | 79.00 | 87.00 | OK |
Version: 1.2.0
Check: Rd files
Result: NOTE
checkRd: (-1) Hoover.Rd:21: Lost braces; missing escapes or markup?
21 | Let x_{i} be the income of the i-th person and \eqn{\overline{x}} be the mean income. Then the Hoover index H is:
| ^
checkRd: (-1) RicciSchutz.Rd:21: Lost braces; missing escapes or markup?
21 | In the case of an empirical distribution with n elements where y_{i} denotes the wealth of household i and \eqn{\overline{y}} the sample average, the Ricci and Schutz coefficient can be expressed as:
| ^
Flavors: r-devel-linux-x86_64-debian-clang, r-devel-linux-x86_64-debian-gcc, r-devel-linux-x86_64-fedora-clang, r-devel-linux-x86_64-fedora-gcc, r-prerel-macos-arm64, r-prerel-windows-x86_64, r-patched-linux-x86_64
Version: 1.2.0
Check: data for non-ASCII characters
Result: NOTE
Note: found 1 marked UTF-8 string
Flavors: r-devel-linux-x86_64-fedora-clang, r-devel-linux-x86_64-fedora-gcc