CRAN Package Check Results for Package wINEQ

Last updated on 2023-06-09 22:58:43 CEST.

Flavor Version Tinstall Tcheck Ttotal Status Flags
r-devel-linux-x86_64-debian-clang 1.2.0 5.53 47.84 53.37 OK
r-devel-linux-x86_64-debian-gcc 1.2.0 4.38 36.36 40.74 OK
r-devel-linux-x86_64-fedora-clang 1.2.0 68.01 NOTE
r-devel-linux-x86_64-fedora-gcc 1.2.0 63.32 NOTE
r-devel-windows-x86_64 1.2.0 7.00 59.00 66.00 OK
r-patched-linux-x86_64 1.2.0 4.74 45.74 50.48 OK
r-release-linux-x86_64 1.2.0 4.68 45.18 49.86 OK
r-release-macos-arm64 1.2.0 23.00 OK
r-release-macos-x86_64 1.2.0 43.00 OK
r-release-windows-x86_64 1.2.0 8.00 64.00 72.00 OK
r-oldrel-macos-arm64 1.2.0 26.00 OK
r-oldrel-macos-x86_64 1.2.0 34.00 OK
r-oldrel-windows-x86_64 1.2.0 8.00 65.00 73.00 OK

Check Details

Version: 1.2.0
Check: data for non-ASCII characters
Result: NOTE
     Note: found 1 marked UTF-8 string
Flavors: r-devel-linux-x86_64-fedora-clang, r-devel-linux-x86_64-fedora-gcc