Last updated on 2023-12-02 21:40:15 CET.
Flavor | Version | Tinstall | Tcheck | Ttotal | Status | Flags |
---|---|---|---|---|---|---|
r-devel-linux-x86_64-debian-clang | 1.2.0 | 5.52 | 47.57 | 53.09 | NOTE | |
r-devel-linux-x86_64-debian-gcc | 1.2.0 | 5.12 | 36.17 | 41.29 | NOTE | |
r-devel-linux-x86_64-fedora-clang | 1.2.0 | 68.55 | NOTE | |||
r-devel-linux-x86_64-fedora-gcc | 1.2.0 | 64.31 | NOTE | |||
r-devel-windows-x86_64 | 1.2.0 | 6.00 | 59.00 | 65.00 | OK | |
r-patched-linux-x86_64 | 1.2.0 | 5.15 | 45.99 | 51.14 | OK | |
r-release-linux-x86_64 | 1.2.0 | 5.61 | 46.08 | 51.69 | OK | |
r-release-macos-arm64 | 1.2.0 | 23.00 | OK | |||
r-release-macos-x86_64 | 1.2.0 | 43.00 | OK | |||
r-release-windows-x86_64 | 1.2.0 | 10.00 | 62.00 | 72.00 | OK | |
r-oldrel-macos-arm64 | 1.2.0 | 26.00 | OK | |||
r-oldrel-macos-x86_64 | 1.2.0 | 34.00 | OK | |||
r-oldrel-windows-x86_64 | 1.2.0 | 10.00 | 66.00 | 76.00 | OK |
Version: 1.2.0
Check: Rd files
Result: NOTE
checkRd: (-1) Hoover.Rd:21: Lost braces; missing escapes or markup?
21 | Let x_{i} be the income of the i-th person and \eqn{\overline{x}} be the mean income. Then the Hoover index H is:
| ^
checkRd: (-1) RicciSchutz.Rd:21: Lost braces; missing escapes or markup?
21 | In the case of an empirical distribution with n elements where y_{i} denotes the wealth of household i and \eqn{\overline{y}} the sample average, the Ricci and Schutz coefficient can be expressed as:
| ^
Flavors: r-devel-linux-x86_64-debian-clang, r-devel-linux-x86_64-debian-gcc
Version: 1.2.0
Check: data for non-ASCII characters
Result: NOTE
Note: found 1 marked UTF-8 string
Flavors: r-devel-linux-x86_64-fedora-clang, r-devel-linux-x86_64-fedora-gcc