CRAN Package Check Results for Package waccR

Last updated on 2018-10-16 22:56:58 CEST.

Flavor Version Tinstall Tcheck Ttotal Status Flags
r-devel-linux-x86_64-debian-clang 0.1.0 2.01 34.98 36.99 OK
r-devel-linux-x86_64-debian-gcc 0.1.0 2.08 27.94 30.02 OK
r-devel-linux-x86_64-fedora-clang 0.1.0 44.29 NOTE
r-devel-linux-x86_64-fedora-gcc 0.1.0 43.03 NOTE
r-devel-windows-ix86+x86_64 0.1.0 8.00 49.00 57.00 OK
r-patched-linux-x86_64 0.1.0 2.00 29.36 31.36 OK
r-patched-solaris-x86 0.1.0 59.30 NOTE
r-release-linux-x86_64 0.1.0 1.64 29.83 31.47 OK
r-release-windows-ix86+x86_64 0.1.0 6.00 65.00 71.00 OK
r-release-osx-x86_64 0.1.0 NOTE
r-oldrel-windows-ix86+x86_64 0.1.0 10.00 50.00 60.00 OK
r-oldrel-osx-x86_64 0.1.0 NOTE

Check Details

Version: 0.1.0
Check: dependencies in R code
Result: NOTE
    Namespaces in Imports field not imported from:
     ‘lubridate’ ‘tibble’
     All declared Imports should be used.
Flavors: r-devel-linux-x86_64-fedora-clang, r-devel-linux-x86_64-fedora-gcc, r-patched-solaris-x86, r-release-osx-x86_64, r-oldrel-osx-x86_64