CRAN Package Check Results for Package waccR

Last updated on 2017-12-15 22:48:14 CET.

Flavor Version Tinstall Tcheck Ttotal Status Flags
r-devel-linux-x86_64-debian-clang 0.1.0 1.64 29.44 31.08 OK
r-devel-linux-x86_64-debian-gcc 0.1.0 1.34 24.40 25.74 OK
r-devel-linux-x86_64-fedora-clang 0.1.0 36.23 NOTE
r-devel-linux-x86_64-fedora-gcc 0.1.0 36.63 NOTE
r-devel-windows-ix86+x86_64 0.1.0 6.00 42.00 48.00 OK
r-patched-linux-x86_64 0.1.0 1.39 28.62 30.01 OK
r-patched-solaris-x86 0.1.0 53.10 NOTE
r-release-linux-x86_64 0.1.0 1.67 28.68 30.35 OK
r-release-windows-ix86+x86_64 0.1.0 3.00 47.00 50.00 OK
r-release-osx-x86_64 0.1.0 NOTE
r-oldrel-windows-ix86+x86_64 0.1.0 5.00 58.00 63.00 OK
r-oldrel-osx-x86_64 0.1.0 NOTE

Check Details

Version: 0.1.0
Check: dependencies in R code
Result: NOTE
    Namespaces in Imports field not imported from:
     ‘lubridate’ ‘tibble’
     All declared Imports should be used.
Flavors: r-devel-linux-x86_64-fedora-clang, r-devel-linux-x86_64-fedora-gcc, r-patched-solaris-x86, r-release-osx-x86_64, r-oldrel-osx-x86_64