Last updated on 2024-04-19 22:56:08 CEST.
Flavor | Version | Tinstall | Tcheck | Ttotal | Status | Flags |
---|---|---|---|---|---|---|
r-devel-linux-x86_64-debian-clang | 1.0.5 | 17.94 | 37.70 | 55.64 | OK | |
r-devel-linux-x86_64-debian-gcc | 1.0.5 | OK | ||||
r-devel-linux-x86_64-fedora-clang | 1.0.5 | 75.24 | NOTE | |||
r-devel-linux-x86_64-fedora-gcc | 1.0.5 | 69.78 | NOTE | |||
r-prerel-macos-arm64 | 1.0.5 | 23.00 | OK | |||
r-prerel-windows-x86_64 | 1.0.5 | 17.00 | 50.00 | 67.00 | OK | |
r-patched-linux-x86_64 | 1.0.5 | 16.84 | 37.09 | 53.93 | OK | |
r-release-linux-x86_64 | 1.0.5 | 14.98 | 36.35 | 51.33 | OK | |
r-release-macos-arm64 | 1.0.5 | 27.00 | OK | |||
r-release-macos-x86_64 | 1.0.5 | 38.00 | OK | |||
r-release-windows-x86_64 | 1.0.5 | 21.00 | 52.00 | 73.00 | OK | |
r-oldrel-macos-arm64 | 1.0.5 | 26.00 | NOTE | |||
r-oldrel-windows-x86_64 | 1.0.5 | 21.00 | 58.00 | 79.00 | OK |
Version: 1.0.5
Check: dependencies in R code
Result: NOTE
Namespaces in Imports field not imported from:
‘R6’ ‘WRS2’ ‘ggplot2’
All declared Imports should be used.
Flavors: r-devel-linux-x86_64-fedora-clang, r-devel-linux-x86_64-fedora-gcc, r-oldrel-macos-arm64