CRAN Package Check Results for Package warabandi

Last updated on 2023-09-28 23:09:02 CEST.

Flavor Version Tinstall Tcheck Ttotal Status Flags
r-devel-linux-x86_64-debian-clang 0.1.0 2.65 30.31 32.96 OK
r-devel-linux-x86_64-debian-gcc 0.1.0 2.03 23.43 25.46 OK
r-devel-linux-x86_64-fedora-clang 0.1.0 42.62 NOTE
r-devel-linux-x86_64-fedora-gcc 0.1.0 54.57 NOTE
r-devel-windows-x86_64 0.1.0 4.00 46.00 50.00 OK
r-patched-linux-x86_64 0.1.0 2.54 28.96 31.50 OK
r-release-linux-x86_64 0.1.0 1.62 29.52 31.14 OK
r-release-macos-arm64 0.1.0 25.00 OK
r-release-macos-x86_64 0.1.0 37.00 OK
r-release-windows-x86_64 0.1.0 5.00 48.00 53.00 OK
r-oldrel-macos-arm64 0.1.0 19.00 NOTE
r-oldrel-macos-x86_64 0.1.0 25.00 NOTE
r-oldrel-windows-x86_64 0.1.0 5.00 50.00 55.00 OK

Check Details

Version: 0.1.0
Check: dependencies in R code
Result: NOTE
    Namespace in Imports field not imported from: ‘flextable’
     All declared Imports should be used.
Flavors: r-devel-linux-x86_64-fedora-clang, r-devel-linux-x86_64-fedora-gcc, r-oldrel-macos-arm64, r-oldrel-macos-x86_64