Last updated on 2023-02-07 23:08:05 CET.
Flavor | Version | Tinstall | Tcheck | Ttotal | Status | Flags |
---|---|---|---|---|---|---|
r-devel-linux-x86_64-debian-clang | 0.1.0 | 19.48 | 136.58 | 156.06 | NOTE | |
r-devel-linux-x86_64-debian-gcc | 0.1.0 | 13.05 | 99.01 | 112.06 | NOTE | |
r-devel-linux-x86_64-fedora-clang | 0.1.0 | 191.52 | NOTE | |||
r-devel-linux-x86_64-fedora-gcc | 0.1.0 | 189.73 | NOTE | |||
r-devel-windows-x86_64 | 0.1.0 | 18.00 | 145.00 | 163.00 | NOTE | |
r-patched-linux-x86_64 | 0.1.0 | 16.12 | 126.36 | 142.48 | NOTE | |
r-release-linux-x86_64 | 0.1.0 | 14.68 | 126.53 | 141.21 | NOTE | |
r-release-macos-arm64 | 0.1.0 | 50.00 | NOTE | |||
r-release-macos-x86_64 | 0.1.0 | 87.00 | NOTE | |||
r-release-windows-x86_64 | 0.1.0 | 24.00 | 161.00 | 185.00 | NOTE | |
r-oldrel-macos-arm64 | 0.1.0 | 53.00 | NOTE | |||
r-oldrel-macos-x86_64 | 0.1.0 | 95.00 | NOTE | |||
r-oldrel-windows-ix86+x86_64 | 0.1.0 | 38.00 | 146.00 | 184.00 | NOTE |
Version: 0.1.0
Check: LazyData
Result: NOTE
'LazyData' is specified without a 'data' directory
Flavors: r-devel-linux-x86_64-debian-clang, r-devel-linux-x86_64-debian-gcc, r-devel-linux-x86_64-fedora-clang, r-devel-linux-x86_64-fedora-gcc, r-devel-windows-x86_64, r-patched-linux-x86_64, r-release-linux-x86_64, r-release-macos-arm64, r-release-macos-x86_64, r-release-windows-x86_64, r-oldrel-macos-arm64, r-oldrel-macos-x86_64, r-oldrel-windows-ix86+x86_64
Version: 0.1.0
Check: dependencies in R code
Result: NOTE
Namespace in Imports field not imported from: ‘nlme’
All declared Imports should be used.
Flavors: r-devel-linux-x86_64-fedora-clang, r-devel-linux-x86_64-fedora-gcc, r-release-macos-arm64, r-release-macos-x86_64, r-oldrel-macos-arm64, r-oldrel-macos-x86_64