Last updated on 2025-01-19 22:49:28 CET.
Flavor | Version | Tinstall | Tcheck | Ttotal | Status | Flags |
---|---|---|---|---|---|---|
r-devel-linux-x86_64-debian-clang | 1.0.8 | 5.02 | 61.69 | 66.71 | NOTE | |
r-devel-linux-x86_64-debian-gcc | 1.0.8 | 4.11 | 46.42 | 50.53 | NOTE | |
r-devel-linux-x86_64-fedora-clang | 1.0.8 | 106.53 | OK | |||
r-devel-linux-x86_64-fedora-gcc | 1.0.8 | 117.45 | OK | |||
r-devel-windows-x86_64 | 1.0.8 | 7.00 | 95.00 | 102.00 | NOTE | |
r-patched-linux-x86_64 | 1.0.8 | 4.89 | 58.23 | 63.12 | OK | |
r-release-linux-x86_64 | 1.0.8 | 4.93 | 58.62 | 63.55 | OK | |
r-release-macos-arm64 | 1.0.8 | 40.00 | OK | |||
r-release-macos-x86_64 | 1.0.8 | 62.00 | OK | |||
r-release-windows-x86_64 | 1.0.8 | 7.00 | 98.00 | 105.00 | OK | |
r-oldrel-macos-arm64 | 1.0.8 | 56.00 | OK | |||
r-oldrel-macos-x86_64 | 1.0.8 | 62.00 | OK | |||
r-oldrel-windows-x86_64 | 1.0.8 | 6.00 | 100.00 | 106.00 | OK |
Version: 1.0.8
Check: Rd cross-references
Result: NOTE
Found the following Rd file(s) with Rd \link{} targets missing package
anchors:
plotParam.Rd: xyplot
Please provide package anchors for all Rd \link{} targets not in the
package itself and the base packages.
Flavors: r-devel-linux-x86_64-debian-clang, r-devel-linux-x86_64-debian-gcc, r-devel-windows-x86_64