Last updated on 2023-12-10 22:56:16 CET.
Flavor | Version | Tinstall | Tcheck | Ttotal | Status | Flags |
---|---|---|---|---|---|---|
r-devel-linux-x86_64-debian-clang | 0.1.0 | 24.62 | 29.36 | 53.98 | NOTE | |
r-devel-linux-x86_64-debian-gcc | 0.1.0 | 16.03 | 23.07 | 39.10 | NOTE | |
r-devel-linux-x86_64-fedora-clang | 0.1.0 | 74.68 | NOTE | |||
r-devel-linux-x86_64-fedora-gcc | 0.1.0 | 71.00 | NOTE | |||
r-devel-windows-x86_64 | 0.1.0 | 19.00 | 71.00 | 90.00 | NOTE | |
r-patched-linux-x86_64 | 0.1.0 | 21.90 | 29.26 | 51.16 | NOTE | |
r-release-linux-x86_64 | 0.1.0 | 20.65 | 29.27 | 49.92 | NOTE | |
r-release-macos-arm64 | 0.1.0 | 27.00 | NOTE | |||
r-release-macos-x86_64 | 0.1.0 | 39.00 | NOTE | |||
r-release-windows-x86_64 | 0.1.0 | 18.00 | 73.00 | 91.00 | NOTE | |
r-oldrel-macos-arm64 | 0.1.0 | 25.00 | OK | |||
r-oldrel-macos-x86_64 | 0.1.0 | 33.00 | OK | |||
r-oldrel-windows-x86_64 | 0.1.0 | 25.00 | 68.00 | 93.00 | OK |
Version: 0.1.0
Check: C++ specification
Result: NOTE
Specified C++11: please drop specification unless essential
Flavors: r-devel-linux-x86_64-debian-clang, r-devel-linux-x86_64-debian-gcc, r-devel-linux-x86_64-fedora-clang, r-devel-linux-x86_64-fedora-gcc, r-devel-windows-x86_64, r-patched-linux-x86_64, r-release-linux-x86_64, r-release-macos-arm64, r-release-macos-x86_64, r-release-windows-x86_64