Last updated on 2023-09-24 22:59:56 CEST.
Flavor | Version | Tinstall | Tcheck | Ttotal | Status | Flags |
---|---|---|---|---|---|---|
r-devel-linux-x86_64-debian-clang | 1.8.4 | 13.20 | 75.52 | 88.72 | OK | |
r-devel-linux-x86_64-debian-gcc | 1.8.4 | 9.31 | 57.04 | 66.35 | OK | |
r-devel-linux-x86_64-fedora-clang | 1.8.4 | 107.23 | OK | |||
r-devel-linux-x86_64-fedora-gcc | 1.8.4 | 107.94 | OK | |||
r-devel-windows-x86_64 | 1.8.4 | 14.00 | 90.00 | 104.00 | OK | |
r-patched-linux-x86_64 | 1.8.4 | 12.42 | 73.84 | 86.26 | OK | |
r-release-linux-x86_64 | 1.8.4 | 11.67 | 73.90 | 85.57 | OK | |
r-release-macos-arm64 | 1.8.4 | 35.00 | OK | |||
r-release-macos-x86_64 | 1.8.4 | 55.00 | NOTE | |||
r-release-windows-x86_64 | 1.8.4 | 16.00 | 101.00 | 117.00 | OK | |
r-oldrel-macos-arm64 | 1.8.4 | 36.00 | OK | |||
r-oldrel-macos-x86_64 | 1.8.4 | 63.00 | OK | |||
r-oldrel-windows-x86_64 | 1.8.4 | 18.00 | 89.00 | 107.00 | OK |
Version: 1.8.4
Check: package dependencies
Result: NOTE
Package suggested but not available for checking: ‘fftw’
Flavor: r-release-macos-x86_64