Last updated on 2023-12-03 22:57:26 CET.
Flavor | Version | Tinstall | Tcheck | Ttotal | Status | Flags |
---|---|---|---|---|---|---|
r-devel-linux-x86_64-debian-clang | 1.0.0 | 41.67 | 31.70 | 73.37 | OK | |
r-devel-linux-x86_64-debian-gcc | 1.0.0 | 32.48 | 25.57 | 58.05 | OK | |
r-devel-linux-x86_64-fedora-clang | 1.0.0 | 114.09 | OK | |||
r-devel-linux-x86_64-fedora-gcc | 1.0.0 | 108.54 | OK | |||
r-devel-windows-x86_64 | 1.0.0 | 36.00 | 72.00 | 108.00 | OK | |
r-patched-linux-x86_64 | 1.0.0 | 35.99 | 32.25 | 68.24 | OK | |
r-release-linux-x86_64 | 1.0.0 | 35.66 | 32.22 | 67.88 | OK | |
r-release-macos-arm64 | 1.0.0 | 36.00 | NOTE | |||
r-release-macos-x86_64 | 1.0.0 | 51.00 | NOTE | |||
r-release-windows-x86_64 | 1.0.0 | 45.00 | 80.00 | 125.00 | OK | |
r-oldrel-macos-arm64 | 1.0.0 | 32.00 | NOTE | |||
r-oldrel-macos-x86_64 | 1.0.0 | 41.00 | NOTE | |||
r-oldrel-windows-x86_64 | 1.0.0 | 42.00 | 74.00 | 116.00 | OK |
Version: 1.0.0
Check: installed package size
Result: NOTE
installed size is 5.8Mb
sub-directories of 1Mb or more:
libs 5.7Mb
Flavors: r-release-macos-arm64, r-release-macos-x86_64, r-oldrel-macos-arm64, r-oldrel-macos-x86_64