Last updated on 2024-04-17 23:00:15 CEST.
Flavor | Version | Tinstall | Tcheck | Ttotal | Status | Flags |
---|---|---|---|---|---|---|
r-devel-linux-x86_64-debian-clang | 0.0.7 | 8.41 | 70.67 | 79.08 | OK | |
r-devel-linux-x86_64-debian-gcc | 0.0.7 | 9.21 | 53.94 | 63.15 | OK | |
r-devel-linux-x86_64-fedora-clang | 0.0.7 | 100.96 | NOTE | |||
r-devel-linux-x86_64-fedora-gcc | 0.0.7 | 108.65 | NOTE | |||
r-prerel-macos-arm64 | 0.0.7 | 144.00 | OK | |||
r-prerel-macos-x86_64 | 0.0.7 | 240.00 | OK | |||
r-prerel-windows-x86_64 | 0.0.7 | 11.00 | 170.00 | 181.00 | OK | |
r-patched-linux-x86_64 | 0.0.7 | 9.57 | 67.37 | 76.94 | OK | |
r-release-linux-x86_64 | 0.0.7 | 6.71 | 67.76 | 74.47 | OK | |
r-release-macos-arm64 | 0.0.7 | 164.00 | OK | |||
r-release-macos-x86_64 | 0.0.7 | 230.00 | OK | |||
r-release-windows-x86_64 | 0.0.7 | 16.00 | 90.00 | 106.00 | OK | |
r-oldrel-macos-arm64 | 0.0.7 | 150.00 | OK | |||
r-oldrel-windows-x86_64 | 0.0.7 | 16.00 | 138.00 | 154.00 | OK |
Version: 0.0.7
Check: data for non-ASCII characters
Result: NOTE
Note: found 4413 marked UTF-8 strings
Flavors: r-devel-linux-x86_64-fedora-clang, r-devel-linux-x86_64-fedora-gcc