CRAN Package Check Results for Package wdpar

Last updated on 2023-01-28 22:55:30 CET.

Flavor Version Tinstall Tcheck Ttotal Status Flags
r-devel-linux-x86_64-debian-clang 1.3.3 5.69 76.46 82.15 NOTE
r-devel-linux-x86_64-debian-gcc 1.3.3 4.30 57.04 61.34 NOTE
r-devel-linux-x86_64-fedora-clang 1.3.3 105.52 NOTE
r-devel-linux-x86_64-fedora-gcc 1.3.3 108.00 NOTE
r-patched-linux-x86_64 1.3.3 5.49 74.36 79.85 NOTE
r-release-linux-x86_64 1.3.3 5.63 75.00 80.63 NOTE
r-release-macos-arm64 1.3.3 33.00 NOTE
r-release-macos-x86_64 1.3.3 45.00 NOTE
r-release-windows-x86_64 1.3.3 16.00 104.00 120.00 NOTE
r-oldrel-macos-arm64 1.3.3 33.00 NOTE
r-oldrel-macos-x86_64 1.3.3 43.00 NOTE
r-oldrel-windows-ix86+x86_64 1.3.3 18.00 100.00 118.00 NOTE

Check Details

Version: 1.3.3
Check: package dependencies
Result: NOTE
    Package suggested but not available for checking: ‘prepr’
Flavors: r-devel-linux-x86_64-debian-clang, r-devel-linux-x86_64-debian-gcc, r-devel-linux-x86_64-fedora-clang, r-devel-linux-x86_64-fedora-gcc, r-patched-linux-x86_64, r-release-linux-x86_64, r-release-macos-arm64, r-release-macos-x86_64, r-release-windows-x86_64, r-oldrel-macos-arm64, r-oldrel-macos-x86_64, r-oldrel-windows-ix86+x86_64