CRAN Package Check Results for Package wdpar

Last updated on 2021-04-11 22:47:28 CEST.

Flavor Version Tinstall Tcheck Ttotal Status Flags
r-devel-linux-x86_64-debian-clang 1.0.6 5.66 69.41 75.07 NOTE
r-devel-linux-x86_64-debian-gcc 1.0.6 4.01 50.33 54.34 NOTE
r-devel-linux-x86_64-fedora-clang 1.0.6 95.61 NOTE
r-devel-linux-x86_64-fedora-gcc 1.0.6 87.64 NOTE
r-devel-windows-ix86+x86_64 1.0.6 15.00 90.00 105.00 NOTE
r-devel-windows-x86_64-gcc10-UCRT 1.0.6 NOTE
r-patched-linux-x86_64 1.0.6 5.28 62.93 68.21 OK
r-patched-solaris-x86 1.0.6 149.10 NOTE
r-release-linux-x86_64 1.0.6 4.86 63.51 68.37 OK
r-release-macos-x86_64 1.0.6 NOTE
r-release-windows-ix86+x86_64 1.0.6 30.00 87.00 117.00 OK
r-oldrel-macos-x86_64 1.0.6 NOTE
r-oldrel-windows-ix86+x86_64 1.0.6 10.00 58.00 68.00 OK

Check Details

Version: 1.0.6
Check: LazyData
Result: NOTE
     'LazyData' is specified without a 'data' directory
Flavors: r-devel-linux-x86_64-debian-clang, r-devel-linux-x86_64-debian-gcc, r-devel-linux-x86_64-fedora-clang, r-devel-linux-x86_64-fedora-gcc, r-devel-windows-ix86+x86_64, r-devel-windows-x86_64-gcc10-UCRT

Version: 1.0.6
Check: dependencies in R code
Result: NOTE
    Namespace in Imports field not imported from: ‘tools’
     All declared Imports should be used.
Flavors: r-devel-linux-x86_64-fedora-clang, r-devel-linux-x86_64-fedora-gcc, r-devel-windows-x86_64-gcc10-UCRT, r-patched-solaris-x86, r-release-macos-x86_64, r-oldrel-macos-x86_64