CRAN Package Check Results for Package webchem

Last updated on 2018-10-17 22:52:12 CEST.

Flavor Version Tinstall Tcheck Ttotal Status Flags
r-devel-linux-x86_64-debian-clang 0.4.0 4.77 44.03 48.80 OK
r-devel-linux-x86_64-debian-gcc 0.4.0 3.66 35.49 39.15 OK
r-devel-linux-x86_64-fedora-clang 0.4.0 56.49 OK
r-devel-linux-x86_64-fedora-gcc 0.4.0 54.49 OK
r-devel-windows-ix86+x86_64 0.4.0 11.00 57.00 68.00 OK
r-patched-linux-x86_64 0.4.0 3.13 38.00 41.13 OK
r-patched-solaris-x86 0.4.0 75.30 NOTE
r-release-linux-x86_64 0.4.0 3.57 37.79 41.36 OK
r-release-windows-ix86+x86_64 0.4.0 12.00 67.00 79.00 OK
r-release-osx-x86_64 0.4.0 OK
r-oldrel-windows-ix86+x86_64 0.4.0 8.00 53.00 61.00 OK
r-oldrel-osx-x86_64 0.4.0 OK

Check Details

Version: 0.4.0
Check: package dependencies
Result: NOTE
    Package suggested but not available for checking: ‘rcdk’
Flavor: r-patched-solaris-x86