CRAN Package Check Results for Package webchem

Last updated on 2018-07-20 22:50:45 CEST.

Flavor Version Tinstall Tcheck Ttotal Status Flags
r-devel-linux-x86_64-debian-clang 0.4.0 3.92 43.08 47.00 OK
r-devel-linux-x86_64-debian-gcc 0.4.0 3.47 34.68 38.15 OK
r-devel-linux-x86_64-fedora-clang 0.4.0 56.37 OK
r-devel-linux-x86_64-fedora-gcc 0.4.0 51.70 OK
r-devel-windows-ix86+x86_64 0.4.0 8.00 84.00 92.00 OK
r-patched-linux-x86_64 0.4.0 4.18 39.31 43.49 OK
r-patched-solaris-x86 0.4.0 77.30 NOTE
r-release-linux-x86_64 0.4.0 3.43 39.21 42.64 OK
r-release-windows-ix86+x86_64 0.4.0 12.00 75.00 87.00 OK
r-release-osx-x86_64 0.4.0 OK
r-oldrel-windows-ix86+x86_64 0.4.0 9.00 51.00 60.00 OK
r-oldrel-osx-x86_64 0.4.0 OK

Check Details

Version: 0.4.0
Check: package dependencies
Result: NOTE
    Package suggested but not available for checking: ‘rcdk’
Flavor: r-patched-solaris-x86