Last updated on 2024-03-28 23:02:02 CET.
Flavor | Version | Tinstall | Tcheck | Ttotal | Status | Flags |
---|---|---|---|---|---|---|
r-devel-linux-x86_64-debian-clang | 1.0.3 | 9.11 | 65.94 | 75.05 | OK | |
r-devel-linux-x86_64-debian-gcc | 1.0.3 | 5.74 | 51.72 | 57.46 | OK | |
r-devel-linux-x86_64-fedora-clang | 1.0.3 | 98.02 | NOTE | |||
r-devel-linux-x86_64-fedora-gcc | 1.0.3 | 111.92 | OK | |||
r-devel-windows-x86_64 | 1.0.3 | 10.00 | 70.00 | 80.00 | NOTE | |
r-patched-linux-x86_64 | 1.0.3 | 6.41 | 65.21 | 71.62 | OK | |
r-release-linux-x86_64 | 1.0.3 | 7.42 | 72.64 | 80.06 | OK | |
r-release-macos-arm64 | 1.0.3 | 40.00 | NOTE | |||
r-release-macos-x86_64 | 1.0.3 | 64.00 | NOTE | |||
r-release-windows-x86_64 | 1.0.3 | 13.00 | 79.00 | 92.00 | NOTE | |
r-oldrel-macos-arm64 | 1.0.3 | 33.00 | NOTE | |||
r-oldrel-windows-x86_64 | 1.0.3 | 14.00 | 89.00 | 103.00 | NOTE |
Version: 1.0.3
Check: installed package size
Result: NOTE
installed size is 10.8Mb
sub-directories of 1Mb or more:
client 9.6Mb
doc 1.0Mb
Flavors: r-devel-linux-x86_64-fedora-clang, r-devel-windows-x86_64, r-release-macos-arm64, r-release-macos-x86_64, r-release-windows-x86_64, r-oldrel-macos-arm64, r-oldrel-windows-x86_64