CRAN Package Check Results for Package wflo

Last updated on 2021-04-16 22:51:17 CEST.

Flavor Version Tinstall Tcheck Ttotal Status Flags
r-devel-linux-x86_64-debian-clang 1.6 5.78 501.61 507.39 OK
r-devel-linux-x86_64-debian-gcc 1.6 4.80 350.95 355.75 OK
r-devel-linux-x86_64-fedora-clang 1.6 568.03 NOTE
r-devel-linux-x86_64-fedora-gcc 1.6 575.18 NOTE
r-devel-windows-ix86+x86_64 1.6 11.00 487.00 498.00 OK
r-devel-windows-x86_64-gcc10-UCRT 1.6 NOTE
r-patched-linux-x86_64 1.6 4.92 466.65 471.57 OK
r-patched-solaris-x86 1.6 646.40 NOTE
r-release-linux-x86_64 1.6 5.65 471.13 476.78 OK
r-release-macos-x86_64 1.6 NOTE
r-release-windows-ix86+x86_64 1.6 21.00 565.00 586.00 OK
r-oldrel-macos-x86_64 1.6 NOTE
r-oldrel-windows-ix86+x86_64 1.6 7.00 515.00 522.00 OK

Check Details

Version: 1.6
Check: dependencies in R code
Result: NOTE
    Namespace in Imports field not imported from: ‘rgdal’
     All declared Imports should be used.
Flavors: r-devel-linux-x86_64-fedora-clang, r-devel-linux-x86_64-fedora-gcc, r-devel-windows-x86_64-gcc10-UCRT, r-patched-solaris-x86, r-release-macos-x86_64, r-oldrel-macos-x86_64