CRAN Package Check Results for Package whereport

Last updated on 2023-12-03 22:57:26 CET.

Flavor Version Tinstall Tcheck Ttotal Status Flags
r-devel-linux-x86_64-debian-clang 0.1 1.67 24.83 26.50 OK
r-devel-linux-x86_64-debian-gcc 0.1 1.78 19.10 20.88 OK
r-devel-linux-x86_64-fedora-clang 0.1 35.66 NOTE
r-devel-linux-x86_64-fedora-gcc 0.1 31.82 NOTE
r-devel-windows-x86_64 0.1 4.00 42.00 46.00 OK
r-patched-linux-x86_64 0.1 2.43 24.08 26.51 OK
r-release-linux-x86_64 0.1 1.87 24.12 25.99 OK
r-release-macos-arm64 0.1 18.00 OK
r-release-macos-x86_64 0.1 21.00 OK
r-release-windows-x86_64 0.1 4.00 42.00 46.00 OK
r-oldrel-macos-arm64 0.1 15.00 NOTE
r-oldrel-macos-x86_64 0.1 28.00 NOTE
r-oldrel-windows-x86_64 0.1 4.00 46.00 50.00 OK

Check Details

Version: 0.1
Check: data for non-ASCII characters
Result: NOTE Note: found 4102 marked UTF-8 strings Flavors: r-devel-linux-x86_64-fedora-clang, r-devel-linux-x86_64-fedora-gcc, r-oldrel-macos-arm64, r-oldrel-macos-x86_64