CRAN Package Check Results for Package whisker

Last updated on 2019-07-17 22:54:43 CEST.

Flavor Version Tinstall Tcheck Ttotal Status Flags
r-devel-linux-x86_64-debian-clang 0.3-2 1.76 17.79 19.55 NOTE
r-devel-linux-x86_64-debian-gcc 0.3-2 1.24 14.44 15.68 NOTE
r-devel-linux-x86_64-fedora-clang 0.3-2 23.50 NOTE
r-devel-linux-x86_64-fedora-gcc 0.3-2 22.57 NOTE
r-devel-windows-ix86+x86_64 0.3-2 6.00 30.00 36.00 NOTE
r-patched-linux-x86_64 0.3-2 1.84 17.87 19.71 NOTE
r-patched-solaris-x86 0.3-2 37.80 NOTE
r-release-linux-x86_64 0.3-2 1.79 17.76 19.55 NOTE
r-release-windows-ix86+x86_64 0.3-2 4.00 41.00 45.00 NOTE
r-release-osx-x86_64 0.3-2 NOTE
r-oldrel-windows-ix86+x86_64 0.3-2 3.00 40.00 43.00 NOTE
r-oldrel-osx-x86_64 0.3-2 NOTE

Check Details

Version: 0.3-2
Check: DESCRIPTION meta-information
Result: NOTE
    Malformed Description field: should contain one or more complete sentences.
Flavors: r-devel-linux-x86_64-debian-clang, r-devel-linux-x86_64-debian-gcc, r-devel-linux-x86_64-fedora-clang, r-devel-linux-x86_64-fedora-gcc, r-devel-windows-ix86+x86_64, r-patched-linux-x86_64, r-patched-solaris-x86, r-release-linux-x86_64, r-release-windows-ix86+x86_64, r-release-osx-x86_64, r-oldrel-windows-ix86+x86_64, r-oldrel-osx-x86_64

Version: 0.3-2
Check: dependencies in R code
Result: NOTE
    'library' or 'require' call to 'markdown' in package code.
     Please use :: or requireNamespace() instead.
     See section 'Suggested packages' in the 'Writing R Extensions' manual.
Flavors: r-devel-linux-x86_64-debian-clang, r-devel-linux-x86_64-debian-gcc, r-devel-linux-x86_64-fedora-clang, r-devel-linux-x86_64-fedora-gcc, r-devel-windows-ix86+x86_64, r-patched-linux-x86_64, r-patched-solaris-x86, r-release-linux-x86_64, r-release-windows-ix86+x86_64, r-release-osx-x86_64, r-oldrel-windows-ix86+x86_64, r-oldrel-osx-x86_64