Last updated on 2024-03-28 23:02:02 CET.
Flavor | Version | Tinstall | Tcheck | Ttotal | Status | Flags |
---|---|---|---|---|---|---|
r-devel-linux-x86_64-debian-clang | 0.1.1 | 18.94 | 46.90 | 65.84 | OK | |
r-devel-linux-x86_64-debian-gcc | 0.1.1 | 13.06 | 37.29 | 50.35 | OK | |
r-devel-linux-x86_64-fedora-clang | 0.1.1 | 83.15 | OK | |||
r-devel-linux-x86_64-fedora-gcc | 0.1.1 | 26.03 | ERROR | |||
r-devel-windows-x86_64 | 0.1.1 | 138.00 | 61.00 | 199.00 | OK | |
r-patched-linux-x86_64 | 0.1.1 | 15.05 | 47.08 | 62.13 | OK | |
r-release-linux-x86_64 | 0.1.1 | 14.74 | 45.42 | 60.16 | OK | |
r-release-macos-arm64 | 0.1.1 | 40.00 | OK | |||
r-release-macos-x86_64 | 0.1.1 | 80.00 | OK | |||
r-release-windows-x86_64 | 0.1.1 | 160.00 | 67.00 | 227.00 | OK | |
r-oldrel-macos-arm64 | 0.1.1 | 49.00 | OK | |||
r-oldrel-windows-x86_64 | 0.1.1 | 103.00 | 68.00 | 171.00 | OK |
Version: 0.1.1
Check: whether package can be installed
Result: ERROR
Installation failed.
Flavor: r-devel-linux-x86_64-fedora-gcc