CRAN Package Check Results for Package windfarmGA

Last updated on 2019-08-23 22:50:13 CEST.

Flavor Version Tinstall Tcheck Ttotal Status Flags
r-devel-linux-x86_64-debian-clang 2.2.1 39.88 238.53 278.41 OK
r-devel-linux-x86_64-debian-gcc 2.2.1 OK
r-devel-linux-x86_64-fedora-clang 2.2.1 327.12 NOTE
r-devel-linux-x86_64-fedora-gcc 2.2.1 360.85 NOTE
r-devel-windows-ix86+x86_64 2.2.1 88.00 438.00 526.00 OK
r-patched-linux-x86_64 2.2.1 38.75 230.67 269.42 OK
r-patched-solaris-x86 2.2.1 422.00 NOTE
r-release-linux-x86_64 2.2.1 38.02 236.04 274.06 OK
r-release-windows-ix86+x86_64 2.2.1 122.00 574.00 696.00 OK
r-release-osx-x86_64 2.2.1 WARN
r-oldrel-windows-ix86+x86_64 2.2.1 82.00 471.00 553.00 OK
r-oldrel-osx-x86_64 2.2.1 NOTE

Check Details

Version: 2.2.1
Check: dependencies in R code
Result: NOTE
    Namespace in Imports field not imported from: ‘rgeos’
     All declared Imports should be used.
Flavors: r-devel-linux-x86_64-fedora-clang, r-devel-linux-x86_64-fedora-gcc, r-patched-solaris-x86, r-release-osx-x86_64, r-oldrel-osx-x86_64

Version: 2.2.1
Check: whether package can be installed
Result: WARN
    Found the following significant warnings:
     Warning: 'rgl_init' failed, running with rgl.useNULL = TRUE
Flavor: r-release-osx-x86_64