CRAN Package Check Results for Package wle

Last updated on 2018-01-18 22:47:53 CET.

Flavor Version Tinstall Tcheck Ttotal Status Flags
r-devel-linux-x86_64-debian-clang 0.9-91 10.94 80.47 91.41 NOTE
r-devel-linux-x86_64-debian-gcc 0.9-91 9.25 69.30 78.55 NOTE
r-devel-linux-x86_64-fedora-clang 0.9-91 110.95 NOTE
r-devel-linux-x86_64-fedora-gcc 0.9-91 111.03 NOTE
r-devel-windows-ix86+x86_64 0.9-91 90.00 167.00 257.00 OK
r-patched-linux-x86_64 0.9-91 11.27 88.80 100.07 NOTE
r-patched-solaris-x86 0.9-91 156.70 OK
r-release-linux-x86_64 0.9-91 10.67 90.73 101.40 NOTE
r-release-windows-ix86+x86_64 0.9-91 63.00 155.00 218.00 OK
r-release-osx-x86_64 0.9-91 NOTE
r-oldrel-windows-ix86+x86_64 0.9-91 80.00 132.00 212.00 OK
r-oldrel-osx-x86_64 0.9-91 NOTE

Additional issues

valgrind

Check Details

Version: 0.9-91
Check: compiled code
Result: NOTE
    File ‘wle/libs/wle.so’:
     Found no calls to: ‘R_registerRoutines’, ‘R_useDynamicSymbols’
    
    It is good practice to register native routines and to disable symbol
    search.
    
    See ‘Writing portable packages’ in the ‘Writing R Extensions’ manual.
Flavors: r-devel-linux-x86_64-debian-clang, r-devel-linux-x86_64-debian-gcc, r-devel-linux-x86_64-fedora-clang, r-devel-linux-x86_64-fedora-gcc, r-patched-linux-x86_64, r-release-linux-x86_64

Version: 0.9-91
Check: dependencies in R code
Result: NOTE
    Unexported objects imported by ':::' calls:
     ‘circular:::DensityCircularRad’ ‘circular:::DvonmisesRad’
     ‘circular:::DwrappednormalRad’ ‘circular:::MlevonmisesRad’
     ‘circular:::MlewrappednormalRad’
     See the note in ?`:::` about the use of this operator.
Flavors: r-release-osx-x86_64, r-oldrel-osx-x86_64