CRAN Package Check Results for Package wle

Last updated on 2017-11-19 22:49:59.

Flavor Version Tinstall Tcheck Ttotal Status Flags
r-devel-linux-x86_64-debian-clang 0.9-91 8.36 53.57 61.93 NOTE
r-devel-linux-x86_64-debian-gcc 0.9-91 9.53 90.72 100.25 NOTE
r-devel-linux-x86_64-fedora-clang 0.9-91 113.38 NOTE
r-devel-linux-x86_64-fedora-gcc 0.9-91 112.73 NOTE
r-devel-windows-ix86+x86_64 0.9-91 90.00 142.00 232.00 OK
r-patched-linux-x86_64 0.9-91 8.00 56.81 64.81 NOTE
r-patched-solaris-x86 0.9-91 135.20 OK
r-release-linux-x86_64 0.9-91 7.92 54.04 61.96 NOTE
r-release-windows-ix86+x86_64 0.9-91 62.00 150.00 212.00 OK
r-release-osx-x86_64 0.9-91 NOTE
r-oldrel-windows-ix86+x86_64 0.9-91 62.00 133.00 195.00 OK
r-oldrel-osx-x86_64 0.9-91 NOTE

Additional issues

valgrind

Check Details

Version: 0.9-91
Check: compiled code
Result: NOTE
    File ‘wle/libs/wle.so’:
     Found no calls to: ‘R_registerRoutines’, ‘R_useDynamicSymbols’
    
    It is good practice to register native routines and to disable symbol
    search.
    
    See ‘Writing portable packages’ in the ‘Writing R Extensions’ manual.
Flavors: r-devel-linux-x86_64-debian-clang, r-devel-linux-x86_64-debian-gcc, r-devel-linux-x86_64-fedora-clang, r-devel-linux-x86_64-fedora-gcc, r-patched-linux-x86_64, r-release-linux-x86_64

Version: 0.9-91
Check: dependencies in R code
Result: NOTE
    Unexported objects imported by ':::' calls:
     ‘circular:::DensityCircularRad’ ‘circular:::DvonmisesRad’
     ‘circular:::DwrappednormalRad’ ‘circular:::MlevonmisesRad’
     ‘circular:::MlewrappednormalRad’
     See the note in ?`:::` about the use of this operator.
Flavors: r-release-osx-x86_64, r-oldrel-osx-x86_64