Last updated on 2023-09-29 21:54:10 CEST.
Flavor | Version | Tinstall | Tcheck | Ttotal | Status | Flags |
---|---|---|---|---|---|---|
r-devel-linux-x86_64-debian-clang | 1.0.5 | 266.63 | 284.77 | 551.40 | OK | |
r-devel-linux-x86_64-debian-gcc | 1.0.5 | 183.50 | 229.36 | 412.86 | OK | |
r-devel-linux-x86_64-fedora-clang | 1.0.5 | 800.17 | OK | |||
r-devel-linux-x86_64-fedora-gcc | 1.0.5 | 710.08 | OK | |||
r-devel-windows-x86_64 | 1.0.5 | 202.00 | 241.00 | 443.00 | OK | |
r-patched-linux-x86_64 | 1.0.5 | 247.73 | 286.91 | 534.64 | OK | |
r-release-linux-x86_64 | 1.0.5 | 249.05 | 291.62 | 540.67 | OK | |
r-release-macos-arm64 | 1.0.5 | 212.00 | NOTE | |||
r-release-macos-x86_64 | 1.0.5 | 364.00 | NOTE | |||
r-release-windows-x86_64 | 1.0.5 | 255.00 | 300.00 | 555.00 | OK | |
r-oldrel-macos-arm64 | 1.0.5 | 173.00 | NOTE | |||
r-oldrel-macos-x86_64 | 1.0.5 | 209.00 | NOTE | |||
r-oldrel-windows-x86_64 | 1.0.5 | 248.00 | 248.00 | 496.00 | OK |
Version: 1.0.5
Check: installed package size
Result: NOTE
installed size is 9.2Mb
sub-directories of 1Mb or more:
libs 8.5Mb
Flavors: r-release-macos-arm64, r-release-macos-x86_64, r-oldrel-macos-arm64, r-oldrel-macos-x86_64
Version: 1.0.5
Check: package dependencies
Result: NOTE
Package suggested but not available for checking: ‘classInt’
Flavor: r-release-macos-x86_64