Last updated on 2024-03-27 22:58:03 CET.
Flavor | Version | Tinstall | Tcheck | Ttotal | Status | Flags |
---|---|---|---|---|---|---|
r-devel-linux-x86_64-debian-clang | 2.6 | 19.43 | 36.10 | 55.53 | OK | |
r-devel-linux-x86_64-debian-gcc | 2.6 | 14.91 | 27.24 | 42.15 | OK | |
r-devel-linux-x86_64-fedora-clang | 2.6 | 82.28 | NOTE | |||
r-devel-linux-x86_64-fedora-gcc | 2.6 | 73.60 | NOTE | |||
r-devel-windows-x86_64 | 2.6 | 20.00 | 65.00 | 85.00 | OK | |
r-patched-linux-x86_64 | 2.6 | 19.94 | 34.47 | 54.41 | OK | |
r-release-linux-x86_64 | 2.6 | 19.51 | 34.82 | 54.33 | OK | |
r-release-macos-arm64 | 2.6 | 26.00 | OK | |||
r-release-macos-x86_64 | 2.6 | 39.00 | OK | |||
r-release-windows-x86_64 | 2.6 | 25.00 | 73.00 | 98.00 | OK | |
r-oldrel-macos-arm64 | 2.6 | 26.00 | OK | |||
r-oldrel-windows-x86_64 | 2.6 | 24.00 | 73.00 | 97.00 | OK |
Version: 2.6
Check: data for non-ASCII characters
Result: NOTE
Note: found 2 marked UTF-8 strings
Flavors: r-devel-linux-x86_64-fedora-clang, r-devel-linux-x86_64-fedora-gcc