Last updated on 2023-02-07 23:08:05 CET.
Flavor | Version | Tinstall | Tcheck | Ttotal | Status | Flags |
---|---|---|---|---|---|---|
r-devel-linux-x86_64-debian-clang | 0.6.2 | 17.24 | 97.78 | 115.02 | OK | |
r-devel-linux-x86_64-debian-gcc | 0.6.2 | 14.37 | 71.33 | 85.70 | OK | |
r-devel-linux-x86_64-fedora-clang | 0.6.2 | 145.37 | NOTE | |||
r-devel-linux-x86_64-fedora-gcc | 0.6.2 | 145.46 | OK | |||
r-devel-windows-x86_64 | 0.6.2 | 135.00 | 191.00 | 326.00 | OK | |
r-patched-linux-x86_64 | 0.6.2 | 14.17 | 93.47 | 107.64 | OK | |
r-release-linux-x86_64 | 0.6.2 | 15.67 | 92.70 | 108.37 | OK | |
r-release-macos-arm64 | 0.6.2 | 97.00 | OK | |||
r-release-macos-x86_64 | 0.6.2 | 113.00 | OK | |||
r-release-windows-x86_64 | 0.6.2 | 53.00 | 192.00 | 245.00 | OK | |
r-oldrel-macos-arm64 | 0.6.2 | 100.00 | OK | |||
r-oldrel-macos-x86_64 | 0.6.2 | 116.00 | OK | |||
r-oldrel-windows-ix86+x86_64 | 0.6.2 | 31.00 | 173.00 | 204.00 | OK |
Version: 0.6.2
Check: package dependencies
Result: NOTE
Imports includes 23 non-default packages.
Importing from so many packages makes the package vulnerable to any of
them becoming unavailable. Move as many as possible to Suggests and
use conditionally.
Flavor: r-devel-linux-x86_64-fedora-clang