Last updated on 2024-04-23 22:55:41 CEST.
Flavor | Version | Tinstall | Tcheck | Ttotal | Status | Flags |
---|---|---|---|---|---|---|
r-devel-linux-x86_64-debian-clang | 0.9.8 | 6.51 | 66.05 | 72.56 | OK | |
r-devel-linux-x86_64-debian-gcc | 0.9.8 | 4.87 | 48.91 | 53.78 | OK | |
r-devel-linux-x86_64-fedora-clang | 0.9.8 | 90.36 | NOTE | |||
r-devel-linux-x86_64-fedora-gcc | 0.9.8 | 96.94 | OK | |||
r-prerel-macos-arm64 | 0.9.8 | 57.00 | OK | |||
r-prerel-windows-x86_64 | 0.9.8 | 9.00 | 102.00 | 111.00 | OK | |
r-patched-linux-x86_64 | 0.9.8 | 5.76 | 63.20 | 68.96 | OK | |
r-release-linux-x86_64 | 0.9.8 | 4.13 | 62.15 | 66.28 | OK | |
r-release-macos-arm64 | 0.9.8 | 59.00 | OK | |||
r-release-macos-x86_64 | 0.9.8 | 297.00 | OK | |||
r-release-windows-x86_64 | 0.9.8 | 8.00 | 116.00 | 124.00 | OK | |
r-oldrel-macos-arm64 | 0.9.8 | 53.00 | OK | |||
r-oldrel-windows-x86_64 | 0.9.8 | 10.00 | 109.00 | 119.00 | OK |
Version: 0.9.8
Check: Rd cross-references
Result: NOTE
Undeclared package ‘lubridate’ in Rd xrefs
Flavor: r-devel-linux-x86_64-fedora-clang