Last updated on 2024-04-18 22:53:05 CEST.
Flavor | Version | Tinstall | Tcheck | Ttotal | Status | Flags |
---|---|---|---|---|---|---|
r-devel-linux-x86_64-debian-clang | 1.0-1 | 2.25 | 23.10 | 25.35 | NOTE | |
r-devel-linux-x86_64-debian-gcc | 1.0-1 | 1.37 | 17.99 | 19.36 | NOTE | |
r-devel-linux-x86_64-fedora-clang | 1.0-1 | 31.35 | NOTE | |||
r-devel-linux-x86_64-fedora-gcc | 1.0-1 | 30.62 | NOTE | |||
r-prerel-macos-arm64 | 1.0-1 | 15.00 | NOTE | |||
r-prerel-windows-x86_64 | 1.0-1 | 3.00 | 44.00 | 47.00 | NOTE | |
r-patched-linux-x86_64 | 1.0-1 | 2.13 | 22.19 | 24.32 | NOTE | |
r-release-linux-x86_64 | 1.0-1 | 1.97 | 21.87 | 23.84 | NOTE | |
r-release-macos-arm64 | 1.0-1 | 17.00 | NOTE | |||
r-release-macos-x86_64 | 1.0-1 | 23.00 | NOTE | |||
r-release-windows-x86_64 | 1.0-1 | 4.00 | 43.00 | 47.00 | NOTE | |
r-oldrel-macos-arm64 | 1.0-1 | 17.00 | NOTE | |||
r-oldrel-windows-x86_64 | 1.0-1 | 6.00 | 49.00 | 55.00 | NOTE |
Version: 1.0-1
Check: DESCRIPTION meta-information
Result: NOTE
Malformed Description field: should contain one or more complete sentences.
Flavors: r-devel-linux-x86_64-debian-clang, r-devel-linux-x86_64-debian-gcc, r-devel-linux-x86_64-fedora-clang, r-devel-linux-x86_64-fedora-gcc, r-prerel-macos-arm64, r-prerel-windows-x86_64, r-patched-linux-x86_64, r-release-linux-x86_64, r-release-macos-arm64, r-release-macos-x86_64, r-release-windows-x86_64, r-oldrel-macos-arm64, r-oldrel-windows-x86_64
Version: 1.0-1
Check: Rd cross-references
Result: NOTE
Undeclared packages ‘wpp2010’, ‘wpp2012’ in Rd xrefs
Flavor: r-devel-linux-x86_64-fedora-clang