Last updated on 2023-10-01 23:04:02 CEST.
Flavor | Version | Tinstall | Tcheck | Ttotal | Status | Flags |
---|---|---|---|---|---|---|
r-devel-linux-x86_64-debian-clang | 1.10.1 | 19.54 | 226.55 | 246.09 | OK | |
r-devel-linux-x86_64-debian-gcc | 1.10.1 | 16.88 | 162.54 | 179.42 | OK | |
r-devel-linux-x86_64-fedora-clang | 1.10.1 | 169.24 | NOTE | |||
r-devel-linux-x86_64-fedora-gcc | 1.10.1 | 174.59 | OK | |||
r-devel-windows-x86_64 | 1.10.1 | 17.00 | 203.00 | 220.00 | NOTE | |
r-patched-linux-x86_64 | 1.10.1 | 23.83 | 218.78 | 242.61 | OK | |
r-release-linux-x86_64 | 1.10.1 | 21.28 | 219.24 | 240.52 | OK | |
r-release-macos-arm64 | 1.10.1 | 91.00 | NOTE | |||
r-release-macos-x86_64 | 1.10.1 | 214.00 | NOTE | |||
r-release-windows-x86_64 | 1.10.1 | 21.00 | 227.00 | 248.00 | NOTE | |
r-oldrel-macos-arm64 | 1.10.1 | 87.00 | NOTE | |||
r-oldrel-macos-x86_64 | 1.10.1 | 124.00 | NOTE | |||
r-oldrel-windows-x86_64 | 1.10.1 | 23.00 | 228.00 | 251.00 | NOTE |
Version: 1.10.1
Check: installed package size
Result: NOTE
installed size is 6.9Mb
sub-directories of 1Mb or more:
doc 3.5Mb
extdata 2.5Mb
Flavors: r-devel-linux-x86_64-fedora-clang, r-devel-windows-x86_64, r-release-macos-arm64, r-release-macos-x86_64, r-release-windows-x86_64, r-oldrel-macos-arm64, r-oldrel-macos-x86_64, r-oldrel-windows-x86_64
Version: 1.10.1
Check: package dependencies
Result: NOTE
Package suggested but not available for checking: ‘ROTS’
Flavors: r-release-macos-arm64, r-release-macos-x86_64, r-oldrel-macos-arm64, r-oldrel-macos-x86_64