Last updated on 2024-04-18 22:53:05 CEST.
Flavor | Version | Tinstall | Tcheck | Ttotal | Status | Flags |
---|---|---|---|---|---|---|
r-devel-linux-x86_64-debian-clang | 0.0-4.2 | 1.84 | 18.87 | 20.71 | NOTE | |
r-devel-linux-x86_64-debian-gcc | 0.0-4.2 | 1.40 | 15.21 | 16.61 | NOTE | |
r-devel-linux-x86_64-fedora-clang | 0.0-4.2 | 27.45 | NOTE | |||
r-devel-linux-x86_64-fedora-gcc | 0.0-4.2 | 25.62 | NOTE | |||
r-prerel-macos-arm64 | 0.0-4.2 | 13.00 | NOTE | |||
r-prerel-windows-x86_64 | 0.0-4.2 | 2.00 | 33.00 | 35.00 | NOTE | |
r-patched-linux-x86_64 | 0.0-4.2 | 1.85 | 18.49 | 20.34 | NOTE | |
r-release-linux-x86_64 | 0.0-4.2 | 1.89 | 18.44 | 20.33 | NOTE | |
r-release-macos-arm64 | 0.0-4.2 | 16.00 | NOTE | |||
r-release-macos-x86_64 | 0.0-4.2 | 17.00 | NOTE | |||
r-release-windows-x86_64 | 0.0-4.2 | 2.00 | 32.00 | 34.00 | NOTE | |
r-oldrel-macos-arm64 | 0.0-4.2 | 16.00 | NOTE | |||
r-oldrel-windows-x86_64 | 0.0-4.2 | 4.00 | 39.00 | 43.00 | NOTE |
Version: 0.0-4.2
Check: DESCRIPTION meta-information
Result: NOTE
Malformed Title field: should not end in a period.
Flavors: r-devel-linux-x86_64-debian-clang, r-devel-linux-x86_64-debian-gcc, r-devel-linux-x86_64-fedora-clang, r-devel-linux-x86_64-fedora-gcc, r-prerel-macos-arm64, r-prerel-windows-x86_64, r-patched-linux-x86_64, r-release-linux-x86_64, r-release-macos-arm64, r-release-macos-x86_64, r-release-windows-x86_64, r-oldrel-macos-arm64, r-oldrel-windows-x86_64