CRAN Package Check Results for Package wrswoR

Last updated on 2023-06-07 22:02:59 CEST.

Flavor Version Tinstall Tcheck Ttotal Status Flags
r-devel-linux-x86_64-debian-clang 1.1.1 23.99 33.34 57.33 NOTE
r-devel-linux-x86_64-debian-gcc 1.1.1 16.79 26.33 43.12 NOTE
r-devel-linux-x86_64-fedora-clang 1.1.1 77.96 NOTE
r-devel-linux-x86_64-fedora-gcc 1.1.1 74.59 NOTE
r-devel-windows-x86_64 1.1.1 22.00 63.00 85.00 NOTE
r-patched-linux-x86_64 1.1.1 15.89 32.43 48.32 NOTE
r-release-linux-x86_64 1.1.1 17.81 33.30 51.11 NOTE
r-release-macos-arm64 1.1.1 26.00 NOTE
r-release-macos-x86_64 1.1.1 39.00 NOTE
r-release-windows-x86_64 1.1.1 19.00 73.00 92.00 NOTE
r-oldrel-macos-arm64 1.1.1 27.00 NOTE
r-oldrel-macos-x86_64 1.1.1 33.00 NOTE
r-oldrel-windows-x86_64 1.1.1 23.00 72.00 95.00 NOTE

Check Details

Version: 1.1.1
Check: LazyData
Result: NOTE
     'LazyData' is specified without a 'data' directory
Flavors: r-devel-linux-x86_64-debian-clang, r-devel-linux-x86_64-debian-gcc, r-devel-linux-x86_64-fedora-clang, r-devel-linux-x86_64-fedora-gcc, r-devel-windows-x86_64, r-patched-linux-x86_64, r-release-linux-x86_64, r-release-macos-arm64, r-release-macos-x86_64, r-release-windows-x86_64, r-oldrel-macos-arm64, r-oldrel-macos-x86_64, r-oldrel-windows-x86_64