Last updated on 2024-03-28 23:02:02 CET.
Flavor | Version | Tinstall | Tcheck | Ttotal | Status | Flags |
---|---|---|---|---|---|---|
r-devel-linux-x86_64-debian-clang | 3.2 | 4.23 | 59.06 | 63.29 | NOTE | |
r-devel-linux-x86_64-debian-gcc | 3.2 | 3.74 | 41.57 | 45.31 | NOTE | |
r-devel-linux-x86_64-fedora-clang | 3.2 | 74.61 | NOTE | |||
r-devel-linux-x86_64-fedora-gcc | 3.2 | 72.63 | NOTE | |||
r-devel-windows-x86_64 | 3.2 | 6.00 | 55.00 | 61.00 | NOTE | |
r-patched-linux-x86_64 | 3.2 | 4.53 | 54.40 | 58.93 | NOTE | |
r-release-linux-x86_64 | 3.2 | 4.41 | 53.40 | 57.81 | OK | |
r-release-macos-arm64 | 3.2 | 23.00 | OK | |||
r-release-macos-x86_64 | 3.2 | 37.00 | OK | |||
r-release-windows-x86_64 | 3.2 | 7.00 | 68.00 | 75.00 | OK | |
r-oldrel-macos-arm64 | 3.2 | 24.00 | OK | |||
r-oldrel-windows-x86_64 | 3.2 | 13.00 | 73.00 | 86.00 | OK |
Version: 3.2
Check: Rd files
Result: NOTE
checkRd: (-1) wtest.Rd:61-64: Lost braces
61 | {When \code{w.order} =2, the \code{wtest()} will automatically calculate the main effect first and then do a pre-filter before calculating interactions.
| ^
checkRd: (-1) wtest.high.Rd:61-64: Lost braces
61 | {When \code{w.order} > 2, the \code{wtest()} will automatically calculate the main effect first and then do a pre-filter before calculating interactions.
| ^
Flavors: r-devel-linux-x86_64-debian-clang, r-devel-linux-x86_64-debian-gcc, r-devel-linux-x86_64-fedora-clang, r-devel-linux-x86_64-fedora-gcc, r-devel-windows-x86_64, r-patched-linux-x86_64