CRAN Package Check Results for Package wtss

Last updated on 2019-08-22 22:47:10 CEST.

Flavor Version Tinstall Tcheck Ttotal Status Flags
r-devel-linux-x86_64-debian-clang 1.1.0 4.50 40.71 45.21 OK
r-devel-linux-x86_64-debian-gcc 1.1.0 4.18 33.14 37.32 OK
r-devel-linux-x86_64-fedora-clang 1.1.0 55.38 OK
r-devel-linux-x86_64-fedora-gcc 1.1.0 62.92 OK
r-devel-windows-ix86+x86_64 1.1.0 21.00 82.00 103.00 OK
r-patched-linux-x86_64 1.1.0 4.51 38.97 43.48 ERROR
r-patched-solaris-x86 1.1.0 89.00 OK
r-release-linux-x86_64 1.1.0 4.24 42.56 46.80 OK
r-release-windows-ix86+x86_64 1.1.0 15.00 536.00 551.00 OK
r-release-osx-x86_64 1.1.0 OK
r-oldrel-windows-ix86+x86_64 1.1.0 10.00 85.00 95.00 OK
r-oldrel-osx-x86_64 1.1.0 OK

Check Details

Version: 1.1.0
Check: examples
Result: ERROR
    Running examples in ‘wtss-Ex.R’ failed
    The error most likely occurred in:
    
    > base::assign(".ptime", proc.time(), pos = "CheckExEnv")
    > ### Name: WTSS
    > ### Title: The WTSS class
    > ### Aliases: WTSS WTSS-class WTSS
    >
    > ### ** Examples
    >
    > ts.server = WTSS("http://www.esensing.dpi.inpe.br/wtss/")
    Error in function (type, msg, asError = TRUE) :
     HTTP request failed. The URL server may be incorrect or the service may be temporarily unavailable.
    Calls: WTSS ... tryCatch -> tryCatchList -> tryCatchOne -> <Anonymous>
    Execution halted
Flavor: r-patched-linux-x86_64