Last updated on 2024-04-23 22:55:41 CEST.
Flavor | Version | Tinstall | Tcheck | Ttotal | Status | Flags |
---|---|---|---|---|---|---|
r-devel-linux-x86_64-debian-clang | 0.1.1 | 20.63 | 151.61 | 172.24 | OK | |
r-devel-linux-x86_64-debian-gcc | 0.1.1 | 14.39 | 108.55 | 122.94 | OK | |
r-devel-linux-x86_64-fedora-clang | 0.1.1 | 209.31 | NOTE | |||
r-devel-linux-x86_64-fedora-gcc | 0.1.1 | 200.42 | NOTE | |||
r-prerel-macos-arm64 | 0.1.1 | 84.00 | OK | |||
r-prerel-windows-x86_64 | 0.1.1 | 13.00 | 103.00 | 116.00 | OK | |
r-patched-linux-x86_64 | 0.1.1 | 23.22 | 147.36 | 170.58 | OK | |
r-release-linux-x86_64 | 0.1.1 | 14.85 | 129.52 | 144.37 | OK | |
r-release-macos-arm64 | 0.1.1 | 55.00 | OK | |||
r-release-macos-x86_64 | 0.1.1 | 100.00 | OK | |||
r-release-windows-x86_64 | 0.1.1 | 17.00 | 123.00 | 140.00 | OK | |
r-oldrel-macos-arm64 | 0.1.1 | 91.00 | NOTE | |||
r-oldrel-windows-x86_64 | 0.1.1 | 18.00 | 126.00 | 144.00 | OK |
Version: 0.1.1
Check: dependencies in R code
Result: NOTE
Namespace in Imports field not imported from: ‘tcltk2’
All declared Imports should be used.
Flavors: r-devel-linux-x86_64-fedora-clang, r-devel-linux-x86_64-fedora-gcc, r-oldrel-macos-arm64