CRAN Package Check Results for Package xgboost

Last updated on 2019-07-21 22:50:08 CEST.

Flavor Version Tinstall Tcheck Ttotal Status Flags
r-devel-linux-x86_64-debian-clang 0.82.1 100.92 196.06 296.98 NOTE
r-devel-linux-x86_64-debian-gcc 0.82.1 97.55 155.13 252.68 NOTE
r-devel-linux-x86_64-fedora-clang 0.82.1 405.33 NOTE
r-devel-linux-x86_64-fedora-gcc 0.82.1 396.47 NOTE
r-devel-windows-ix86+x86_64 0.82.1 197.00 338.00 535.00 NOTE
r-patched-linux-x86_64 0.82.1 105.41 177.59 283.00 NOTE
r-patched-solaris-x86 0.82.1 ERROR
r-release-linux-x86_64 0.82.1 107.86 174.25 282.11 NOTE
r-release-windows-ix86+x86_64 0.82.1 196.00 244.00 440.00 NOTE
r-release-osx-x86_64 0.82.1 ERROR
r-oldrel-windows-ix86+x86_64 0.82.1 260.00 311.00 571.00 NOTE
r-oldrel-osx-x86_64 0.82.1 NOTE

Check Details

Version: 0.82.1
Check: for GNU extensions in Makefiles
Result: NOTE
    GNU make is a SystemRequirements.
Flavors: r-devel-linux-x86_64-debian-clang, r-devel-linux-x86_64-debian-gcc, r-devel-linux-x86_64-fedora-clang, r-devel-linux-x86_64-fedora-gcc, r-devel-windows-ix86+x86_64, r-patched-linux-x86_64, r-release-linux-x86_64, r-release-windows-ix86+x86_64, r-release-osx-x86_64, r-oldrel-windows-ix86+x86_64, r-oldrel-osx-x86_64

Version: 0.82.1
Check: for non-standard things in the check directory
Result: NOTE
    Found the following files/directories:
     'xgb.DMatrix.data' 'xgb.model' 'xgb.model.rds'
Flavors: r-devel-linux-x86_64-debian-clang, r-devel-linux-x86_64-debian-gcc, r-devel-linux-x86_64-fedora-clang, r-devel-linux-x86_64-fedora-gcc

Version: 0.82.1
Check: installed package size
Result: NOTE
     installed size is 20.6Mb
     sub-directories of 1Mb or more:
     libs 19.8Mb
Flavors: r-devel-linux-x86_64-fedora-clang, r-devel-windows-ix86+x86_64, r-release-windows-ix86+x86_64, r-release-osx-x86_64, r-oldrel-windows-ix86+x86_64, r-oldrel-osx-x86_64

Version: 0.82.1
Check: whether package can be installed
Result: ERROR
    Installation failed.
Flavor: r-patched-solaris-x86

Version: 0.82.1
Check: tests
Result: ERROR
     Running ‘testthat.R’ [75s/176s]
    Running the tests in ‘tests/testthat.R’ failed.
    Last 13 lines of output:
     [1] 0.507 - 0.507 == 6.9e-06
    
     [1] eval-error:0.042831 train-error:0.046522
     [2] eval-error:0.021726 train-error:0.022263
     [1] eval-error:0.042831 train-error:0.046522
     [2] eval-error:0.021726 train-error:0.022263
     [1] train-error:0.046522
     [2] train-error:0.022263
     [1] train-error:0.333333
     ══ testthat results ═══════════════════════════════════════════════════════════
     OK: 563 SKIPPED: 3 FAILED: 1
     1. Failure: early stopping using a specific metric works (@test_callbacks.R#239)
    
     Error: testthat unit tests failed
     Execution halted
Flavor: r-release-osx-x86_64