Last updated on 2024-04-18 22:53:06 CEST.
Flavor | Version | Tinstall | Tcheck | Ttotal | Status | Flags |
---|---|---|---|---|---|---|
r-devel-linux-x86_64-debian-clang | 1.0.1 | 9.14 | 80.14 | 89.28 | NOTE | |
r-devel-linux-x86_64-debian-gcc | 1.0.1 | 6.72 | 60.46 | 67.18 | NOTE | |
r-devel-linux-x86_64-fedora-clang | 1.0.1 | 110.79 | NOTE | |||
r-devel-linux-x86_64-fedora-gcc | 1.0.1 | 117.56 | NOTE | |||
r-prerel-macos-arm64 | 1.0.1 | 41.00 | NOTE | |||
r-prerel-windows-x86_64 | 1.0.1 | 8.00 | 81.00 | 89.00 | NOTE | |
r-patched-linux-x86_64 | 1.0.1 | 8.25 | 76.06 | 84.31 | NOTE | |
r-release-linux-x86_64 | 1.0.1 | 7.56 | 77.53 | 85.09 | NOTE | |
r-release-macos-arm64 | 1.0.1 | 41.00 | NOTE | |||
r-release-macos-x86_64 | 1.0.1 | 69.00 | NOTE | |||
r-release-windows-x86_64 | 1.0.1 | 10.00 | 84.00 | 94.00 | NOTE | |
r-oldrel-macos-arm64 | 1.0.1 | 33.00 | OK | |||
r-oldrel-windows-x86_64 | 1.0.1 | 10.00 | 87.00 | 97.00 | OK |
Version: 1.0.1
Check: package subdirectories
Result: NOTE
Problems with news in ‘NEWS.md’:
No news entries found.
Flavors: r-devel-linux-x86_64-debian-clang, r-devel-linux-x86_64-debian-gcc, r-devel-linux-x86_64-fedora-clang, r-devel-linux-x86_64-fedora-gcc, r-prerel-macos-arm64, r-prerel-windows-x86_64, r-patched-linux-x86_64, r-release-linux-x86_64, r-release-macos-arm64, r-release-macos-x86_64, r-release-windows-x86_64