CRAN Package Check Results for Package xrf

Last updated on 2021-04-13 22:54:02 CEST.

Flavor Version Tinstall Tcheck Ttotal Status Flags
r-devel-linux-x86_64-debian-clang 0.2.0 10.08 117.93 128.01 NOTE
r-devel-linux-x86_64-debian-gcc 0.2.0 8.72 89.99 98.71 NOTE
r-devel-linux-x86_64-fedora-clang 0.2.0 156.63 NOTE
r-devel-linux-x86_64-fedora-gcc 0.2.0 144.45 NOTE
r-devel-windows-ix86+x86_64 0.2.0 23.00 139.00 162.00 NOTE
r-devel-windows-x86_64-gcc10-UCRT 0.2.0 NOTE
r-patched-linux-x86_64 0.2.0 8.90 108.33 117.23 OK
r-patched-solaris-x86 0.2.0 212.40 OK
r-release-linux-x86_64 0.2.0 8.20 110.90 119.10 OK
r-release-macos-x86_64 0.2.0 OK
r-release-windows-ix86+x86_64 0.2.0 29.00 137.00 166.00 OK
r-oldrel-macos-x86_64 0.2.0 OK
r-oldrel-windows-ix86+x86_64 0.2.0 14.00 97.00 111.00 OK

Check Details

Version: 0.2.0
Check: LazyData
Result: NOTE
     'LazyData' is specified without a 'data' directory
Flavors: r-devel-linux-x86_64-debian-clang, r-devel-linux-x86_64-debian-gcc, r-devel-linux-x86_64-fedora-clang, r-devel-linux-x86_64-fedora-gcc, r-devel-windows-ix86+x86_64, r-devel-windows-x86_64-gcc10-UCRT