CRAN Package Check Results for Package xtune

Last updated on 2019-12-10 22:49:54 CET.

Flavor Version Tinstall Tcheck Ttotal Status Flags
r-devel-linux-x86_64-debian-clang 0.1.0 9.83 107.44 117.27 NOTE
r-devel-linux-x86_64-debian-gcc 0.1.0 8.19 81.14 89.33 NOTE
r-devel-linux-x86_64-fedora-clang 0.1.0 137.56 OK
r-devel-linux-x86_64-fedora-gcc 0.1.0 133.70 OK
r-devel-windows-ix86+x86_64 0.1.0 16.00 149.00 165.00 NOTE
r-devel-windows-ix86+x86_64-gcc8 0.1.0 14.00 105.00 119.00 NOTE
r-patched-linux-x86_64 0.1.0 8.10 94.03 102.13 OK
r-patched-solaris-x86 0.1.0 185.30 OK
r-release-linux-x86_64 0.1.0 6.61 96.21 102.82 OK
r-release-windows-ix86+x86_64 0.1.0 17.00 108.00 125.00 OK
r-release-osx-x86_64 0.1.0 OK
r-oldrel-windows-ix86+x86_64 0.1.0 8.00 103.00 111.00 OK
r-oldrel-osx-x86_64 0.1.0 OK

Check Details

Version: 0.1.0
Check: package vignettes
Result: NOTE
    Package vignette with placeholder title 'Vignette Title':
     'vignette.Rmd'
Flavors: r-devel-linux-x86_64-debian-clang, r-devel-linux-x86_64-debian-gcc, r-devel-windows-ix86+x86_64, r-devel-windows-ix86+x86_64-gcc8