CRAN Package Check Results for Package xtune

Last updated on 2019-08-19 22:47:20 CEST.

Flavor Version Tinstall Tcheck Ttotal Status Flags
r-devel-linux-x86_64-debian-clang 0.1.0 7.71 92.69 100.40 NOTE
r-devel-linux-x86_64-debian-gcc 0.1.0 6.53 73.09 79.62 NOTE
r-devel-linux-x86_64-fedora-clang 0.1.0 118.59 OK
r-devel-linux-x86_64-fedora-gcc 0.1.0 137.52 OK
r-devel-windows-ix86+x86_64 0.1.0 15.00 200.00 215.00 NOTE
r-patched-linux-x86_64 0.1.0 7.25 91.76 99.01 OK
r-patched-solaris-x86 0.1.0 184.10 OK
r-release-linux-x86_64 0.1.0 7.04 91.78 98.82 OK
r-release-windows-ix86+x86_64 0.1.0 15.00 107.00 122.00 OK
r-release-osx-x86_64 0.1.0 OK
r-oldrel-windows-ix86+x86_64 0.1.0 12.00 134.00 146.00 OK
r-oldrel-osx-x86_64 0.1.0 OK

Check Details

Version: 0.1.0
Check: package vignettes
Result: NOTE
    Package vignette with placeholder title 'Vignette Title':
     'vignette.Rmd'
Flavors: r-devel-linux-x86_64-debian-clang, r-devel-linux-x86_64-debian-gcc, r-devel-windows-ix86+x86_64