CRAN Package Check Results for Package yesno

Last updated on 2021-04-13 22:54:02 CEST.

Flavor Version Tinstall Tcheck Ttotal Status Flags
r-devel-linux-x86_64-debian-clang 0.1.2 1.63 22.69 24.32 NOTE
r-devel-linux-x86_64-debian-gcc 0.1.2 1.31 18.23 19.54 NOTE
r-devel-linux-x86_64-fedora-clang 0.1.2 39.38 NOTE
r-devel-linux-x86_64-fedora-gcc 0.1.2 29.23 NOTE
r-devel-windows-ix86+x86_64 0.1.2 5.00 39.00 44.00 NOTE
r-devel-windows-x86_64-gcc10-UCRT 0.1.2 NOTE
r-patched-linux-x86_64 0.1.2 1.82 22.06 23.88 OK
r-patched-solaris-x86 0.1.2 46.40 OK
r-release-linux-x86_64 0.1.2 1.64 21.97 23.61 OK
r-release-macos-x86_64 0.1.2 OK
r-release-windows-ix86+x86_64 0.1.2 4.00 37.00 41.00 OK
r-oldrel-macos-x86_64 0.1.2 OK
r-oldrel-windows-ix86+x86_64 0.1.2 3.00 28.00 31.00 OK

Check Details

Version: 0.1.2
Check: LazyData
Result: NOTE
     'LazyData' is specified without a 'data' directory
Flavors: r-devel-linux-x86_64-debian-clang, r-devel-linux-x86_64-debian-gcc, r-devel-linux-x86_64-fedora-clang, r-devel-linux-x86_64-fedora-gcc, r-devel-windows-ix86+x86_64, r-devel-windows-x86_64-gcc10-UCRT