CRAN Package Check Results for Package yuima

Last updated on 2024-02-21 21:49:56 CET.

Flavor Version Tinstall Tcheck Ttotal Status Flags
r-devel-linux-x86_64-debian-clang 1.15.22 NOTE
r-devel-linux-x86_64-debian-gcc 1.15.22 131.85 192.41 324.26 NOTE
r-devel-linux-x86_64-fedora-clang 1.15.22 525.90 NOTE
r-devel-linux-x86_64-fedora-gcc 1.15.22 518.54 NOTE
r-devel-windows-x86_64 1.15.22 126.00 253.00 379.00 NOTE
r-patched-linux-x86_64 1.15.22 173.59 250.34 423.93 OK
r-release-linux-x86_64 1.15.22 145.33 249.54 394.87 OK
r-release-macos-arm64 1.15.22 137.00 NOTE
r-release-macos-x86_64 1.15.22 264.00 NOTE
r-release-windows-x86_64 1.15.22 166.00 317.00 483.00 OK
r-oldrel-macos-arm64 1.15.22 128.00 NOTE
r-oldrel-windows-x86_64 1.15.22 158.00 277.00 435.00 OK

Check Details

Version: 1.15.22
Check: Rd contents
Result: NOTE Argument items with no description in Rd file 'IC.Rd': ‘\dots’ Flavors: r-devel-linux-x86_64-debian-clang, r-devel-linux-x86_64-debian-gcc, r-devel-linux-x86_64-fedora-clang, r-devel-linux-x86_64-fedora-gcc, r-devel-windows-x86_64

Version: 1.15.22
Check: installed package size
Result: NOTE installed size is 8.8Mb sub-directories of 1Mb or more: R 3.0Mb libs 4.8Mb Flavors: r-release-macos-arm64, r-release-macos-x86_64, r-oldrel-macos-arm64