Last updated on 2023-02-03 22:57:43 CET.
Flavor | Version | Tinstall | Tcheck | Ttotal | Status | Flags |
---|---|---|---|---|---|---|
r-devel-linux-x86_64-debian-clang | 0.8 | 6.28 | 38.97 | 45.25 | OK | |
r-devel-linux-x86_64-debian-gcc | 0.8 | 6.47 | 30.84 | 37.31 | OK | |
r-devel-linux-x86_64-fedora-clang | 0.8 | 61.16 | NOTE | |||
r-devel-linux-x86_64-fedora-gcc | 0.8 | 69.60 | NOTE | |||
r-devel-windows-x86_64 | 0.8 | 27.00 | 74.00 | 101.00 | OK | |
r-patched-linux-x86_64 | 0.8 | 12.13 | 35.37 | 47.50 | OK | |
r-release-linux-x86_64 | 0.8 | 5.30 | 35.80 | 41.10 | OK | |
r-release-macos-arm64 | 0.8 | 17.00 | OK | |||
r-release-macos-x86_64 | 0.8 | 32.00 | OK | |||
r-release-windows-x86_64 | 0.8 | 19.00 | 73.00 | 92.00 | OK | |
r-oldrel-macos-arm64 | 0.8 | 23.00 | OK | |||
r-oldrel-macos-x86_64 | 0.8 | 33.00 | OK | |||
r-oldrel-windows-ix86+x86_64 | 0.8 | 16.00 | 61.00 | 77.00 | OK |
Version: 0.8
Check: dependencies in R code
Result: NOTE
Namespaces in Imports field not imported from:
‘XML’ ‘atom4R’
All declared Imports should be used.
Flavors: r-devel-linux-x86_64-fedora-clang, r-devel-linux-x86_64-fedora-gcc