CRAN Package Check Results for Package zeroEQpart

Last updated on 2024-02-26 23:03:56 CET.

Flavor Version Tinstall Tcheck Ttotal Status Flags
r-devel-linux-x86_64-debian-clang 0.1.0 2.29 28.21 30.50 OK
r-devel-linux-x86_64-debian-gcc 0.1.0 1.54 21.87 23.41 OK
r-devel-linux-x86_64-fedora-clang 0.1.0 37.95 NOTE
r-devel-linux-x86_64-fedora-gcc 0.1.0 35.87 NOTE
r-devel-windows-x86_64 0.1.0 3.00 42.00 45.00 OK
r-patched-linux-x86_64 0.1.0 2.60 27.76 30.36 OK
r-release-linux-x86_64 0.1.0 2.48 28.09 30.57 OK
r-release-macos-arm64 0.1.0 16.00 OK
r-release-macos-x86_64 0.1.0 26.00 OK
r-release-windows-x86_64 0.1.0 3.00 44.00 47.00 OK
r-oldrel-macos-arm64 0.1.0 17.00 OK
r-oldrel-windows-x86_64 0.1.0 4.00 48.00 52.00 OK

Check Details

Version: 0.1.0
Check: dependencies in R code
Result: NOTE Namespace in Imports field not imported from: ‘MASS’ All declared Imports should be used. Flavors: r-devel-linux-x86_64-fedora-clang, r-devel-linux-x86_64-fedora-gcc