Last updated on 2024-04-22 23:10:09 CEST.
Flavor | Version | Tinstall | Tcheck | Ttotal | Status | Flags |
---|---|---|---|---|---|---|
r-devel-linux-x86_64-debian-clang | 0.3.2 | 3.77 | 52.90 | 56.67 | NOTE | |
r-devel-linux-x86_64-debian-gcc | 0.3.2 | 3.71 | 39.88 | 43.59 | NOTE | |
r-devel-linux-x86_64-fedora-clang | 0.3.2 | 71.01 | NOTE | |||
r-devel-linux-x86_64-fedora-gcc | 0.3.2 | 65.55 | NOTE | |||
r-prerel-macos-arm64 | 0.3.2 | 25.00 | NOTE | |||
r-prerel-windows-x86_64 | 0.3.2 | 6.00 | 65.00 | 71.00 | NOTE | |
r-patched-linux-x86_64 | 0.3.2 | 5.04 | 50.05 | 55.09 | NOTE | |
r-release-linux-x86_64 | 0.3.2 | 3.96 | 49.47 | 53.43 | OK | |
r-release-macos-arm64 | 0.3.2 | 26.00 | OK | |||
r-release-macos-x86_64 | 0.3.2 | 38.00 | OK | |||
r-release-windows-x86_64 | 0.3.2 | 7.00 | 72.00 | 79.00 | OK | |
r-oldrel-macos-arm64 | 0.3.2 | 24.00 | NOTE | |||
r-oldrel-windows-x86_64 | 0.3.2 | 6.00 | 72.00 | 78.00 | OK |
Version: 0.3.2
Check: Rd files
Result: NOTE
checkRd: (-1) label_kansuji.Rd:48: Lost braces; missing escapes or markup?
48 | but if TRUE and installed '{scales}` package, 1.10 will be displayed.}
| ^
Flavors: r-devel-linux-x86_64-debian-clang, r-devel-linux-x86_64-debian-gcc, r-devel-linux-x86_64-fedora-clang, r-devel-linux-x86_64-fedora-gcc, r-prerel-macos-arm64, r-prerel-windows-x86_64, r-patched-linux-x86_64
Version: 0.3.2
Check: HTML version of manual
Result: NOTE
Found the following HTML validation problems:
kana.html:65:1 (kana.Rd:33): Warning: trimming empty <dt>
Flavors: r-devel-linux-x86_64-debian-clang, r-devel-linux-x86_64-debian-gcc, r-devel-linux-x86_64-fedora-clang, r-devel-linux-x86_64-fedora-gcc, r-prerel-windows-x86_64, r-patched-linux-x86_64
Version: 0.3.2
Check: data for non-ASCII characters
Result: NOTE
Note: found 47 marked UTF-8 strings
Flavors: r-devel-linux-x86_64-fedora-clang, r-devel-linux-x86_64-fedora-gcc, r-oldrel-macos-arm64