Last updated on 2024-04-23 22:55:41 CEST.
Flavor | Version | Tinstall | Tcheck | Ttotal | Status | Flags |
---|---|---|---|---|---|---|
r-devel-linux-x86_64-debian-clang | 0.3.5 | 43.42 | 274.64 | 318.06 | OK | |
r-devel-linux-x86_64-debian-gcc | 0.3.5 | 29.47 | 207.24 | 236.71 | OK | |
r-devel-linux-x86_64-fedora-clang | 0.3.5 | 385.24 | NOTE | |||
r-devel-linux-x86_64-fedora-gcc | 0.3.5 | 381.91 | NOTE | |||
r-prerel-macos-arm64 | 0.3.5 | 145.00 | OK | |||
r-prerel-windows-x86_64 | 0.3.5 | 31.00 | 260.00 | 291.00 | OK | |
r-patched-linux-x86_64 | 0.3.5 | 40.75 | 263.24 | 303.99 | OK | |
r-release-linux-x86_64 | 0.3.5 | 26.94 | 259.55 | 286.49 | OK | |
r-release-macos-arm64 | 0.3.5 | 138.00 | OK | |||
r-release-macos-x86_64 | 0.3.5 | 261.00 | OK | |||
r-release-windows-x86_64 | 0.3.5 | 43.00 | 364.00 | 407.00 | OK | |
r-oldrel-macos-arm64 | 0.3.5 | 124.00 | NOTE | |||
r-oldrel-windows-x86_64 | 0.3.5 | 46.00 | 347.00 | 393.00 | OK |
Version: 0.3.5
Check: data for non-ASCII characters
Result: NOTE
Note: found 5 marked UTF-8 strings
Flavors: r-devel-linux-x86_64-fedora-clang, r-devel-linux-x86_64-fedora-gcc, r-oldrel-macos-arm64