CRAN Package Check Results for Package zoltr

Last updated on 2023-10-01 23:04:02 CEST.

Flavor Version Tinstall Tcheck Ttotal Status Flags
r-devel-linux-x86_64-debian-clang 0.5.1 5.62 58.26 63.88 NOTE
r-devel-linux-x86_64-debian-gcc 0.5.1 4.78 44.62 49.40 NOTE
r-devel-linux-x86_64-fedora-clang 0.5.1 86.48 NOTE
r-devel-linux-x86_64-fedora-gcc 0.5.1 114.20 NOTE
r-devel-windows-x86_64 0.5.1 7.00 74.00 81.00 NOTE
r-patched-linux-x86_64 0.5.1 4.44 55.74 60.18 NOTE
r-release-linux-x86_64 0.5.1 5.42 55.57 60.99 NOTE
r-release-macos-arm64 0.5.1 44.00 NOTE
r-release-macos-x86_64 0.5.1 74.00 NOTE
r-release-windows-x86_64 0.5.1 10.00 82.00 92.00 NOTE
r-oldrel-macos-arm64 0.5.1 41.00 NOTE
r-oldrel-macos-x86_64 0.5.1 56.00 NOTE
r-oldrel-windows-x86_64 0.5.1 9.00 75.00 84.00 NOTE

Check Details

Version: 0.5.1
Check: LazyData
Result: NOTE
     'LazyData' is specified without a 'data' directory
Flavors: r-devel-linux-x86_64-debian-clang, r-devel-linux-x86_64-debian-gcc, r-devel-linux-x86_64-fedora-clang, r-devel-linux-x86_64-fedora-gcc, r-devel-windows-x86_64, r-patched-linux-x86_64, r-release-linux-x86_64, r-release-macos-arm64, r-release-macos-x86_64, r-release-windows-x86_64, r-oldrel-macos-arm64, r-oldrel-macos-x86_64, r-oldrel-windows-x86_64