Last updated on 2024-04-19 22:56:08 CEST.
Flavor | Version | Tinstall | Tcheck | Ttotal | Status | Flags |
---|---|---|---|---|---|---|
r-devel-linux-x86_64-debian-clang | 2.0.6 | 2.08 | 25.34 | 27.42 | NOTE | |
r-devel-linux-x86_64-debian-gcc | 2.0.6 | NOTE | ||||
r-devel-linux-x86_64-fedora-clang | 2.0.6 | 34.27 | NOTE | |||
r-devel-linux-x86_64-fedora-gcc | 2.0.6 | 32.26 | NOTE | |||
r-prerel-macos-arm64 | 2.0.6 | 15.00 | NOTE | |||
r-prerel-windows-x86_64 | 2.0.6 | 3.00 | 41.00 | 44.00 | NOTE | |
r-patched-linux-x86_64 | 2.0.6 | 1.93 | 24.49 | 26.42 | NOTE | |
r-release-linux-x86_64 | 2.0.6 | 2.52 | 24.15 | 26.67 | OK | |
r-release-macos-arm64 | 2.0.6 | 16.00 | OK | |||
r-release-macos-x86_64 | 2.0.6 | 20.00 | OK | |||
r-release-windows-x86_64 | 2.0.6 | 3.00 | 41.00 | 44.00 | OK | |
r-oldrel-macos-arm64 | 2.0.6 | 18.00 | OK | |||
r-oldrel-windows-x86_64 | 2.0.6 | 4.00 | 44.00 | 48.00 | OK |
Version: 2.0.6
Check: Rd files
Result: NOTE
checkRd: (-1) in.zoom.Rd:34: Lost braces in \itemize; meant \describe ?
checkRd: (-1) in.zoom.Rd:35: Lost braces in \itemize; meant \describe ?
checkRd: (-1) in.zoom.Rd:36: Lost braces in \itemize; meant \describe ?
checkRd: (-1) in.zoom.Rd:37: Lost braces in \itemize; meant \describe ?
checkRd: (-1) in.zoom.Rd:38: Lost braces in \itemize; meant \describe ?
checkRd: (-1) in.zoom.Rd:39: Lost braces in \itemize; meant \describe ?
checkRd: (-1) zm.Rd:30: Lost braces in \itemize; meant \describe ?
checkRd: (-1) zm.Rd:31: Lost braces in \itemize; meant \describe ?
checkRd: (-1) zm.Rd:32: Lost braces in \itemize; meant \describe ?
checkRd: (-1) zm.Rd:12: Lost braces in \itemize; meant \describe ?
checkRd: (-1) zm.Rd:13: Lost braces in \itemize; meant \describe ?
Flavors: r-devel-linux-x86_64-debian-clang, r-devel-linux-x86_64-debian-gcc, r-devel-linux-x86_64-fedora-clang, r-devel-linux-x86_64-fedora-gcc, r-prerel-macos-arm64, r-prerel-windows-x86_64, r-patched-linux-x86_64