Last updated on 2024-05-03 22:53:29 CEST.
Flavor | Version | Tinstall | Tcheck | Ttotal | Status | Flags |
---|---|---|---|---|---|---|
r-devel-linux-x86_64-debian-clang | 0.1.2 | 63.22 | 109.70 | 172.92 | NOTE | |
r-devel-linux-x86_64-fedora-clang | 0.1.2 | 212.35 | NOTE | |||
r-devel-linux-x86_64-fedora-gcc | 0.1.2 | 275.84 | NOTE | |||
r-devel-windows-x86_64 | 0.1.2 | 45.00 | 136.00 | 181.00 | NOTE | |
r-patched-linux-x86_64 | 0.1.2 | 57.95 | 107.89 | 165.84 | NOTE | |
r-release-linux-x86_64 | 0.1.2 | 45.88 | 107.83 | 153.71 | NOTE | |
r-release-macos-arm64 | 0.1.2 | 90.00 | NOTE | |||
r-release-windows-x86_64 | 0.1.2 | 47.00 | 133.00 | 180.00 | NOTE | |
r-oldrel-macos-arm64 | 0.1.2 | 82.00 | NOTE | |||
r-oldrel-macos-x86_64 | 0.1.2 | 133.00 | NOTE | |||
r-oldrel-windows-x86_64 | 0.1.2 | 58.00 | 165.00 | 223.00 | NOTE |
Version: 0.1.2
Check: C++ specification
Result: NOTE
Specified C++11: please drop specification unless essential
Flavors: r-devel-linux-x86_64-debian-clang, r-devel-linux-x86_64-fedora-clang, r-devel-linux-x86_64-fedora-gcc, r-devel-windows-x86_64, r-patched-linux-x86_64, r-release-linux-x86_64, r-release-macos-arm64, r-release-windows-x86_64, r-oldrel-macos-arm64, r-oldrel-macos-x86_64, r-oldrel-windows-x86_64
Version: 0.1.2
Check: installed package size
Result: NOTE
installed size is 8.0Mb
sub-directories of 1Mb or more:
libs 7.7Mb
Flavors: r-release-macos-arm64, r-oldrel-macos-arm64, r-oldrel-macos-x86_64