CRAN Package Check Results for Package ADAPTS

Last updated on 2021-10-17 22:48:25 CEST.

Flavor Version Tinstall Tcheck Ttotal Status Flags
r-devel-linux-x86_64-debian-clang 1.0.21 4.60 74.75 79.35 OK
r-devel-linux-x86_64-debian-gcc 1.0.21 4.49 56.05 60.54 OK
r-devel-linux-x86_64-fedora-clang 1.0.21 104.92 NOTE
r-devel-linux-x86_64-fedora-gcc 1.0.21 97.00 OK
r-devel-windows-x86_64 1.0.21 9.00 108.00 117.00 NOTE
r-devel-windows-x86_64-gcc10-UCRT 1.0.21 OK
r-patched-linux-x86_64 1.0.21 6.86 75.49 82.35 OK
r-patched-solaris-x86 1.0.21 130.70 NOTE
r-release-linux-x86_64 1.0.21 6.29 80.77 87.06 OK
r-release-macos-arm64 1.0.21 NOTE
r-release-macos-x86_64 1.0.21 NOTE
r-release-windows-ix86+x86_64 1.0.21 8.00 110.00 118.00 NOTE
r-oldrel-macos-x86_64 1.0.21 NOTE
r-oldrel-windows-ix86+x86_64 1.0.21 7.00 78.00 85.00 NOTE

Check Details

Version: 1.0.21
Check: installed package size
Result: NOTE
     installed size is 7.6Mb
     sub-directories of 1Mb or more:
     doc 7.1Mb
Flavors: r-devel-linux-x86_64-fedora-clang, r-devel-windows-x86_64, r-patched-solaris-x86, r-release-macos-arm64, r-release-macos-x86_64, r-release-windows-ix86+x86_64, r-oldrel-macos-x86_64, r-oldrel-windows-ix86+x86_64

Version: 1.0.21
Check: package dependencies
Result: NOTE
    Package suggested but not available for checking: ‘DeconRNASeq’
Flavors: r-release-macos-arm64, r-oldrel-macos-x86_64

Version: 1.0.21
Check: package dependencies
Result: NOTE
    Packages suggested but not available for checking: 'DeconRNASeq', 'WGCNA'
Flavor: r-release-macos-x86_64