Last updated on 2019-12-10 22:49:25 CET.
Flavor | Version | Tinstall | Tcheck | Ttotal | Status | Flags |
---|---|---|---|---|---|---|
r-devel-linux-x86_64-debian-clang | 0.3 | 1.92 | 11.20 | 13.12 | NOTE | |
r-devel-linux-x86_64-debian-gcc | 0.3 | 1.47 | 13.53 | 15.00 | NOTE | |
r-devel-linux-x86_64-fedora-clang | 0.3 | 21.01 | NOTE | |||
r-devel-linux-x86_64-fedora-gcc | 0.3 | 16.18 | NOTE | |||
r-devel-windows-ix86+x86_64 | 0.3 | 6.00 | 27.00 | 33.00 | NOTE | |
r-devel-windows-ix86+x86_64-gcc8 | 0.3 | 5.00 | 30.00 | 35.00 | NOTE | |
r-patched-linux-x86_64 | 0.3 | 1.47 | 9.16 | 10.63 | NOTE | |
r-patched-solaris-x86 | 0.3 | 33.00 | NOTE | |||
r-release-linux-x86_64 | 0.3 | 1.25 | 9.03 | 10.28 | NOTE | |
r-release-windows-ix86+x86_64 | 0.3 | 4.00 | 38.00 | 42.00 | NOTE | |
r-release-osx-x86_64 | 0.3 | NOTE | ||||
r-oldrel-windows-ix86+x86_64 | 0.3 | 3.00 | 26.00 | 29.00 | NOTE | |
r-oldrel-osx-x86_64 | 0.3 | NOTE |
Version: 0.3
Check: DESCRIPTION meta-information
Result: NOTE
Malformed Description field: should contain one or more complete sentences.
Flavors: r-devel-linux-x86_64-debian-clang, r-devel-linux-x86_64-debian-gcc, r-devel-linux-x86_64-fedora-clang, r-devel-linux-x86_64-fedora-gcc, r-devel-windows-ix86+x86_64, r-devel-windows-ix86+x86_64-gcc8, r-patched-linux-x86_64, r-patched-solaris-x86, r-release-linux-x86_64, r-release-windows-ix86+x86_64, r-release-osx-x86_64, r-oldrel-windows-ix86+x86_64, r-oldrel-osx-x86_64