CRAN Package Check Results for Package ADGofTest

Last updated on 2019-08-20 22:47:10 CEST.

Flavor Version Tinstall Tcheck Ttotal Status Flags
r-devel-linux-x86_64-debian-clang 0.3 1.68 10.88 12.56 NOTE
r-devel-linux-x86_64-debian-gcc 0.3 1.33 13.28 14.61 NOTE
r-devel-linux-x86_64-fedora-clang 0.3 23.35 NOTE
r-devel-linux-x86_64-fedora-gcc 0.3 20.96 NOTE
r-devel-windows-ix86+x86_64 0.3 8.00 42.00 50.00 NOTE
r-patched-linux-x86_64 0.3 1.55 10.30 11.85 NOTE
r-patched-solaris-x86 0.3 31.80 NOTE
r-release-linux-x86_64 0.3 1.44 10.45 11.89 NOTE
r-release-windows-ix86+x86_64 0.3 4.00 38.00 42.00 NOTE
r-release-osx-x86_64 0.3 NOTE
r-oldrel-windows-ix86+x86_64 0.3 3.00 26.00 29.00 NOTE
r-oldrel-osx-x86_64 0.3 NOTE

Check Details

Version: 0.3
Check: DESCRIPTION meta-information
Result: NOTE
    Malformed Description field: should contain one or more complete sentences.
Flavors: r-devel-linux-x86_64-debian-clang, r-devel-linux-x86_64-debian-gcc, r-devel-linux-x86_64-fedora-clang, r-devel-linux-x86_64-fedora-gcc, r-devel-windows-ix86+x86_64, r-patched-linux-x86_64, r-patched-solaris-x86, r-release-linux-x86_64, r-release-windows-ix86+x86_64, r-release-osx-x86_64, r-oldrel-windows-ix86+x86_64, r-oldrel-osx-x86_64