CRAN Package Check Results for Package ADMMnet

Last updated on 2021-07-31 22:53:19 CEST.

Flavor Version Tinstall Tcheck Ttotal Status Flags
r-devel-linux-x86_64-debian-clang 0.1.1 45.33 70.77 116.10 OK
r-devel-linux-x86_64-debian-gcc 0.1.1 33.35 53.68 87.03 OK
r-devel-linux-x86_64-fedora-clang 0.1.1 166.66 NOTE
r-devel-linux-x86_64-fedora-gcc 0.1.1 143.93 NOTE
r-devel-windows-x86_64 0.1.1 38.00 87.00 125.00 OK
r-devel-windows-x86_64-gcc10-UCRT 0.1.1 OK
r-patched-linux-x86_64 0.1.1 OK
r-patched-solaris-x86 0.1.1 163.10 OK
r-release-linux-x86_64 0.1.1 43.18 70.73 113.91 OK
r-release-macos-arm64 0.1.1 NOTE
r-release-macos-x86_64 0.1.1 NOTE
r-release-windows-ix86+x86_64 0.1.1 91.00 90.00 181.00 OK
r-oldrel-macos-x86_64 0.1.1 NOTE
r-oldrel-windows-ix86+x86_64 0.1.1 68.00 125.00 193.00 OK

Check Details

Version: 0.1.1
Check: installed package size
Result: NOTE
     installed size is 6.0Mb
     sub-directories of 1Mb or more:
     libs 5.8Mb
Flavors: r-devel-linux-x86_64-fedora-clang, r-release-macos-arm64, r-release-macos-x86_64, r-oldrel-macos-x86_64

Version: 0.1.1
Check: compiled code
Result: NOTE
    File ‘ADMMnet/libs/ADMMnet.so’:
     Found no calls to: ‘R_registerRoutines’, ‘R_useDynamicSymbols’
    
    It is good practice to register native routines and to disable symbol
    search.
    
    See ‘Writing portable packages’ in the ‘Writing R Extensions’ manual.
Flavors: r-devel-linux-x86_64-fedora-clang, r-devel-linux-x86_64-fedora-gcc