CRAN Package Check Results for Package ADMMsigma

Last updated on 2021-10-25 23:52:38 CEST.

Flavor Version Tinstall Tcheck Ttotal Status Flags
r-devel-linux-x86_64-debian-clang 2.1 74.17 64.72 138.89 NOTE
r-devel-linux-x86_64-debian-gcc 2.1 55.24 48.65 103.89 NOTE
r-devel-linux-x86_64-fedora-clang 2.1 206.99 NOTE
r-devel-linux-x86_64-fedora-gcc 2.1 189.22 NOTE
r-devel-windows-x86_64 2.1 101.00 128.00 229.00 NOTE
r-devel-windows-x86_64-gcc10-UCRT 2.1 NOTE
r-patched-linux-x86_64 2.1 67.35 55.30 122.65 NOTE
r-patched-solaris-x86 2.1 217.60 NOTE
r-release-linux-x86_64 2.1 68.53 56.93 125.46 NOTE
r-release-macos-arm64 2.1 NOTE
r-release-macos-x86_64 2.1 NOTE
r-release-windows-ix86+x86_64 2.1 146.00 128.00 274.00 NOTE
r-oldrel-macos-x86_64 2.1 OK
r-oldrel-windows-ix86+x86_64 2.1 200.00 140.00 340.00 OK

Check Details

Version: 2.1
Check: LazyData
Result: NOTE
     'LazyData' is specified without a 'data' directory
Flavors: r-devel-linux-x86_64-debian-clang, r-devel-linux-x86_64-debian-gcc, r-devel-linux-x86_64-fedora-clang, r-devel-linux-x86_64-fedora-gcc, r-devel-windows-x86_64, r-devel-windows-x86_64-gcc10-UCRT, r-patched-linux-x86_64, r-patched-solaris-x86, r-release-linux-x86_64, r-release-macos-arm64, r-release-macos-x86_64, r-release-windows-ix86+x86_64

Version: 2.1
Check: installed package size
Result: NOTE
     installed size is 5.0Mb
     sub-directories of 1Mb or more:
     libs 4.0Mb
Flavor: r-release-macos-arm64